{"id":9226,"date":"2022-05-17T15:05:35","date_gmt":"2022-05-17T18:05:35","guid":{"rendered":"https:\/\/calzavara.ar\/index.php\/producto\/tarugo-taco-nylon-sx-8-fischer-balde-1400-uni\/"},"modified":"2026-01-19T08:42:10","modified_gmt":"2026-01-19T11:42:10","slug":"tarugo-taco-nylon-sx-8-fischer-balde-1400-uni","status":"publish","type":"product","link":"https:\/\/calzavara.ar\/index.php\/producto\/tarugo-taco-nylon-sx-8-fischer-balde-1400-uni\/","title":{"rendered":"Tarugo Taco Nylon SX 8 Fischer  Balde 1400 Uni"},"content":{"rendered":"<p>Uso del tarugo en: distintos materiales de construcci\u00f3n<br \/>\nHormig\u00f3n<br \/>\nLadrillos con perforaci\u00f3n vertical<br \/>\nBloques huecos de hormig\u00f3n liviano<br \/>\nCielorrasos huecos de ladrillos y hormig\u00f3n<br \/>\nLadrillos perforados de arena calc\u00e1rea<br \/>\nLadrillos macizos de arena calc\u00e1rea<br \/>\nPiedra natural de estructura densa<br \/>\nHormig\u00f3n celular<br \/>\nPaneles s\u00f3lidos de yeso<br \/>\nVENTAJAS<br \/>\nLa expansi\u00f3n en 4 direcciones brinda una distribuci\u00f3n \u00f3ptima de las fuerzas en el material y ofrece la capacidad de soportar grandes cargas en materiales de construcci\u00f3n macizos y huecos.<br \/>\nEl cuello del taco, que no se expande, evita la generaci\u00f3n de fuerzas expansivas en la superficie del material mientras se introduce el tornillo. Esto contribuye a evitar da\u00f1os en azulejos y revoques.<br \/>\nEl reborde pronunciado evita que el taco se deslice al interior del orificio permitiendo una instalaci\u00f3n sencilla.<br \/>\nLa mayor profundidad de anclaje del SX 6 x 50, 8 x 65 y 10 x 80 implica que el taco es particularmente apto para fijaciones en materiales de construcci\u00f3n huecos, hormig\u00f3n celular y puentes de revoque.<br \/>\nLadrillos macizos de hormig\u00f3n liviano<br \/>\nLadrillos macizos<br \/>\nPARA TENER EN CUENTA:<br \/>\nSX 8 -di\u00e1metro de agujero 8-<br \/>\nProfundidad m\u00ednima de anclaje:50mm<br \/>\nLargo del Anclaje:40mm<br \/>\nTornillo adecuado: 4,5-6<br \/>\nSe hacen factura A o B.<\/p>\n","protected":false},"excerpt":{"rendered":"<p>Uso del tarugo en: distintos materiales de construcci\u00f3n Hormig\u00f3n Ladrillos con perforaci\u00f3n vertical Bloques huecos de hormig\u00f3n liviano Cielorrasos huecos<\/p>\n","protected":false},"featured_media":9225,"template":"","meta":[],"product_brand":[],"product_cat":[117],"product_tag":[],"class_list":{"0":"post-9226","1":"product","2":"type-product","3":"status-publish","4":"has-post-thumbnail","6":"product_cat-tarugos-plasticos","8":"first","9":"instock","10":"sale","11":"taxable","12":"shipping-taxable","13":"purchasable","14":"product-type-simple"},"yoast_head":"<!-- This site is optimized with the Yoast SEO plugin v27.3 - https:\/\/yoast.com\/product\/yoast-seo-wordpress\/ -->\n<title>Tarugo Taco Nylon SX 8 Fischer Balde 1400 Uni - CALZAVARA<\/title>\n<meta name=\"robots\" content=\"index, follow, max-snippet:-1, max-image-preview:large, max-video-preview:-1\" \/>\n<link rel=\"canonical\" href=\"https:\/\/calzavara.ar\/index.php\/producto\/tarugo-taco-nylon-sx-8-fischer-balde-1400-uni\/\" \/>\n<meta property=\"og:locale\" content=\"es_ES\" \/>\n<meta property=\"og:type\" content=\"article\" \/>\n<meta property=\"og:title\" content=\"Tarugo Taco Nylon SX 8 Fischer Balde 1400 Uni - CALZAVARA\" \/>\n<meta property=\"og:description\" content=\"Uso del tarugo en: distintos materiales de construcci\u00f3n Hormig\u00f3n Ladrillos con perforaci\u00f3n vertical Bloques huecos de hormig\u00f3n liviano Cielorrasos huecos\" \/>\n<meta property=\"og:url\" content=\"https:\/\/calzavara.ar\/index.php\/producto\/tarugo-taco-nylon-sx-8-fischer-balde-1400-uni\/\" \/>\n<meta property=\"og:site_name\" content=\"CALZAVARA\" \/>\n<meta property=\"article:publisher\" content=\"https:\/\/www.facebook.com\/calzavarasrl\" \/>\n<meta property=\"article:modified_time\" content=\"2026-01-19T11:42:10+00:00\" \/>\n<meta property=\"og:image\" content=\"https:\/\/calzavara.ar\/wp-content\/uploads\/2022\/05\/11020.png\" \/>\n\t<meta property=\"og:image:width\" content=\"1200\" \/>\n\t<meta property=\"og:image:height\" content=\"1200\" \/>\n\t<meta property=\"og:image:type\" content=\"image\/png\" \/>\n<meta name=\"twitter:card\" content=\"summary_large_image\" \/>\n<meta name=\"twitter:label1\" content=\"Tiempo de lectura\" \/>\n\t<meta name=\"twitter:data1\" content=\"1 minuto\" \/>\n<script type=\"application\/ld+json\" class=\"yoast-schema-graph\">{\"@context\":\"https:\\\/\\\/schema.org\",\"@graph\":[{\"@type\":\"WebPage\",\"@id\":\"https:\\\/\\\/calzavara.ar\\\/index.php\\\/producto\\\/tarugo-taco-nylon-sx-8-fischer-balde-1400-uni\\\/\",\"url\":\"https:\\\/\\\/calzavara.ar\\\/index.php\\\/producto\\\/tarugo-taco-nylon-sx-8-fischer-balde-1400-uni\\\/\",\"name\":\"Tarugo Taco Nylon SX 8 Fischer Balde 1400 Uni - CALZAVARA\",\"isPartOf\":{\"@id\":\"https:\\\/\\\/calzavara.ar\\\/#website\"},\"primaryImageOfPage\":{\"@id\":\"https:\\\/\\\/calzavara.ar\\\/index.php\\\/producto\\\/tarugo-taco-nylon-sx-8-fischer-balde-1400-uni\\\/#primaryimage\"},\"image\":{\"@id\":\"https:\\\/\\\/calzavara.ar\\\/index.php\\\/producto\\\/tarugo-taco-nylon-sx-8-fischer-balde-1400-uni\\\/#primaryimage\"},\"thumbnailUrl\":\"https:\\\/\\\/calzavara.ar\\\/wp-content\\\/uploads\\\/2022\\\/05\\\/11020.png\",\"datePublished\":\"2022-05-17T18:05:35+00:00\",\"dateModified\":\"2026-01-19T11:42:10+00:00\",\"breadcrumb\":{\"@id\":\"https:\\\/\\\/calzavara.ar\\\/index.php\\\/producto\\\/tarugo-taco-nylon-sx-8-fischer-balde-1400-uni\\\/#breadcrumb\"},\"inLanguage\":\"es\",\"potentialAction\":[{\"@type\":\"ReadAction\",\"target\":[\"https:\\\/\\\/calzavara.ar\\\/index.php\\\/producto\\\/tarugo-taco-nylon-sx-8-fischer-balde-1400-uni\\\/\"]}]},{\"@type\":\"ImageObject\",\"inLanguage\":\"es\",\"@id\":\"https:\\\/\\\/calzavara.ar\\\/index.php\\\/producto\\\/tarugo-taco-nylon-sx-8-fischer-balde-1400-uni\\\/#primaryimage\",\"url\":\"https:\\\/\\\/calzavara.ar\\\/wp-content\\\/uploads\\\/2022\\\/05\\\/11020.png\",\"contentUrl\":\"https:\\\/\\\/calzavara.ar\\\/wp-content\\\/uploads\\\/2022\\\/05\\\/11020.png\",\"width\":1200,\"height\":1200},{\"@type\":\"BreadcrumbList\",\"@id\":\"https:\\\/\\\/calzavara.ar\\\/index.php\\\/producto\\\/tarugo-taco-nylon-sx-8-fischer-balde-1400-uni\\\/#breadcrumb\",\"itemListElement\":[{\"@type\":\"ListItem\",\"position\":1,\"name\":\"Portada\",\"item\":\"https:\\\/\\\/calzavara.ar\\\/\"},{\"@type\":\"ListItem\",\"position\":2,\"name\":\"Tienda\",\"item\":\"https:\\\/\\\/calzavara.ar\\\/index.php\\\/tienda\\\/\"},{\"@type\":\"ListItem\",\"position\":3,\"name\":\"Tarugo Taco Nylon SX 8 Fischer Balde 1400 Uni\"}]},{\"@type\":\"WebSite\",\"@id\":\"https:\\\/\\\/calzavara.ar\\\/#website\",\"url\":\"https:\\\/\\\/calzavara.ar\\\/\",\"name\":\"CALZAVARA\",\"description\":\"Tienda Oficial CALZAVARA\",\"publisher\":{\"@id\":\"https:\\\/\\\/calzavara.ar\\\/#organization\"},\"potentialAction\":[{\"@type\":\"SearchAction\",\"target\":{\"@type\":\"EntryPoint\",\"urlTemplate\":\"https:\\\/\\\/calzavara.ar\\\/?s={search_term_string}\"},\"query-input\":{\"@type\":\"PropertyValueSpecification\",\"valueRequired\":true,\"valueName\":\"search_term_string\"}}],\"inLanguage\":\"es\"},{\"@type\":\"Organization\",\"@id\":\"https:\\\/\\\/calzavara.ar\\\/#organization\",\"name\":\"CALZAVARA\",\"url\":\"https:\\\/\\\/calzavara.ar\\\/\",\"logo\":{\"@type\":\"ImageObject\",\"inLanguage\":\"es\",\"@id\":\"https:\\\/\\\/calzavara.ar\\\/#\\\/schema\\\/logo\\\/image\\\/\",\"url\":\"https:\\\/\\\/calzavara.ar\\\/wp-content\\\/uploads\\\/2025\\\/05\\\/CalzaLogoRedes.jpg\",\"contentUrl\":\"https:\\\/\\\/calzavara.ar\\\/wp-content\\\/uploads\\\/2025\\\/05\\\/CalzaLogoRedes.jpg\",\"width\":640,\"height\":640,\"caption\":\"CALZAVARA\"},\"image\":{\"@id\":\"https:\\\/\\\/calzavara.ar\\\/#\\\/schema\\\/logo\\\/image\\\/\"},\"sameAs\":[\"https:\\\/\\\/www.facebook.com\\\/calzavarasrl\",\"https:\\\/\\\/www.instagram.com\\\/calzavara_herrajes\",\"https:\\\/\\\/www.linkedin.com\\\/company\\\/calzavara\\\/\",\"https:\\\/\\\/www.youtube.com\\\/@calzavara3279\"]}]}<\/script>\n<!-- \/ Yoast SEO plugin. -->","yoast_head_json":{"title":"Tarugo Taco Nylon SX 8 Fischer Balde 1400 Uni - CALZAVARA","robots":{"index":"index","follow":"follow","max-snippet":"max-snippet:-1","max-image-preview":"max-image-preview:large","max-video-preview":"max-video-preview:-1"},"canonical":"https:\/\/calzavara.ar\/index.php\/producto\/tarugo-taco-nylon-sx-8-fischer-balde-1400-uni\/","og_locale":"es_ES","og_type":"article","og_title":"Tarugo Taco Nylon SX 8 Fischer Balde 1400 Uni - CALZAVARA","og_description":"Uso del tarugo en: distintos materiales de construcci\u00f3n Hormig\u00f3n Ladrillos con perforaci\u00f3n vertical Bloques huecos de hormig\u00f3n liviano Cielorrasos huecos","og_url":"https:\/\/calzavara.ar\/index.php\/producto\/tarugo-taco-nylon-sx-8-fischer-balde-1400-uni\/","og_site_name":"CALZAVARA","article_publisher":"https:\/\/www.facebook.com\/calzavarasrl","article_modified_time":"2026-01-19T11:42:10+00:00","og_image":[{"width":1200,"height":1200,"url":"https:\/\/calzavara.ar\/wp-content\/uploads\/2022\/05\/11020.png","type":"image\/png"}],"twitter_card":"summary_large_image","twitter_misc":{"Tiempo de lectura":"1 minuto"},"schema":{"@context":"https:\/\/schema.org","@graph":[{"@type":"WebPage","@id":"https:\/\/calzavara.ar\/index.php\/producto\/tarugo-taco-nylon-sx-8-fischer-balde-1400-uni\/","url":"https:\/\/calzavara.ar\/index.php\/producto\/tarugo-taco-nylon-sx-8-fischer-balde-1400-uni\/","name":"Tarugo Taco Nylon SX 8 Fischer Balde 1400 Uni - CALZAVARA","isPartOf":{"@id":"https:\/\/calzavara.ar\/#website"},"primaryImageOfPage":{"@id":"https:\/\/calzavara.ar\/index.php\/producto\/tarugo-taco-nylon-sx-8-fischer-balde-1400-uni\/#primaryimage"},"image":{"@id":"https:\/\/calzavara.ar\/index.php\/producto\/tarugo-taco-nylon-sx-8-fischer-balde-1400-uni\/#primaryimage"},"thumbnailUrl":"https:\/\/calzavara.ar\/wp-content\/uploads\/2022\/05\/11020.png","datePublished":"2022-05-17T18:05:35+00:00","dateModified":"2026-01-19T11:42:10+00:00","breadcrumb":{"@id":"https:\/\/calzavara.ar\/index.php\/producto\/tarugo-taco-nylon-sx-8-fischer-balde-1400-uni\/#breadcrumb"},"inLanguage":"es","potentialAction":[{"@type":"ReadAction","target":["https:\/\/calzavara.ar\/index.php\/producto\/tarugo-taco-nylon-sx-8-fischer-balde-1400-uni\/"]}]},{"@type":"ImageObject","inLanguage":"es","@id":"https:\/\/calzavara.ar\/index.php\/producto\/tarugo-taco-nylon-sx-8-fischer-balde-1400-uni\/#primaryimage","url":"https:\/\/calzavara.ar\/wp-content\/uploads\/2022\/05\/11020.png","contentUrl":"https:\/\/calzavara.ar\/wp-content\/uploads\/2022\/05\/11020.png","width":1200,"height":1200},{"@type":"BreadcrumbList","@id":"https:\/\/calzavara.ar\/index.php\/producto\/tarugo-taco-nylon-sx-8-fischer-balde-1400-uni\/#breadcrumb","itemListElement":[{"@type":"ListItem","position":1,"name":"Portada","item":"https:\/\/calzavara.ar\/"},{"@type":"ListItem","position":2,"name":"Tienda","item":"https:\/\/calzavara.ar\/index.php\/tienda\/"},{"@type":"ListItem","position":3,"name":"Tarugo Taco Nylon SX 8 Fischer Balde 1400 Uni"}]},{"@type":"WebSite","@id":"https:\/\/calzavara.ar\/#website","url":"https:\/\/calzavara.ar\/","name":"CALZAVARA","description":"Tienda Oficial CALZAVARA","publisher":{"@id":"https:\/\/calzavara.ar\/#organization"},"potentialAction":[{"@type":"SearchAction","target":{"@type":"EntryPoint","urlTemplate":"https:\/\/calzavara.ar\/?s={search_term_string}"},"query-input":{"@type":"PropertyValueSpecification","valueRequired":true,"valueName":"search_term_string"}}],"inLanguage":"es"},{"@type":"Organization","@id":"https:\/\/calzavara.ar\/#organization","name":"CALZAVARA","url":"https:\/\/calzavara.ar\/","logo":{"@type":"ImageObject","inLanguage":"es","@id":"https:\/\/calzavara.ar\/#\/schema\/logo\/image\/","url":"https:\/\/calzavara.ar\/wp-content\/uploads\/2025\/05\/CalzaLogoRedes.jpg","contentUrl":"https:\/\/calzavara.ar\/wp-content\/uploads\/2025\/05\/CalzaLogoRedes.jpg","width":640,"height":640,"caption":"CALZAVARA"},"image":{"@id":"https:\/\/calzavara.ar\/#\/schema\/logo\/image\/"},"sameAs":["https:\/\/www.facebook.com\/calzavarasrl","https:\/\/www.instagram.com\/calzavara_herrajes","https:\/\/www.linkedin.com\/company\/calzavara\/","https:\/\/www.youtube.com\/@calzavara3279"]}]}},"jetpack_sharing_enabled":true,"_links":{"self":[{"href":"https:\/\/calzavara.ar\/index.php\/wp-json\/wp\/v2\/product\/9226","targetHints":{"allow":["GET"]}}],"collection":[{"href":"https:\/\/calzavara.ar\/index.php\/wp-json\/wp\/v2\/product"}],"about":[{"href":"https:\/\/calzavara.ar\/index.php\/wp-json\/wp\/v2\/types\/product"}],"wp:featuredmedia":[{"embeddable":true,"href":"https:\/\/calzavara.ar\/index.php\/wp-json\/wp\/v2\/media\/9225"}],"wp:attachment":[{"href":"https:\/\/calzavara.ar\/index.php\/wp-json\/wp\/v2\/media?parent=9226"}],"wp:term":[{"taxonomy":"product_brand","embeddable":true,"href":"https:\/\/calzavara.ar\/index.php\/wp-json\/wp\/v2\/product_brand?post=9226"},{"taxonomy":"product_cat","embeddable":true,"href":"https:\/\/calzavara.ar\/index.php\/wp-json\/wp\/v2\/product_cat?post=9226"},{"taxonomy":"product_tag","embeddable":true,"href":"https:\/\/calzavara.ar\/index.php\/wp-json\/wp\/v2\/product_tag?post=9226"}],"curies":[{"name":"wp","href":"https:\/\/api.w.org\/{rel}","templated":true}]}}