{"id":8864,"date":"2021-12-28T15:44:06","date_gmt":"2021-12-28T18:44:06","guid":{"rendered":"https:\/\/calzavara.ar\/?post_type=product&#038;p=8864"},"modified":"2026-01-19T08:42:01","modified_gmt":"2026-01-19T11:42:01","slug":"caja-organizador-plastico-tactix-gavetero-con-22-cajones","status":"publish","type":"product","link":"https:\/\/calzavara.ar\/index.php\/producto\/caja-organizador-plastico-tactix-gavetero-con-22-cajones\/","title":{"rendered":"Caja Organizador Plastico Tactix Gavetero Con 22 Cajones"},"content":{"rendered":"<p>Caja \/ Gavetero Plastico Marca Tactix de 22 compartimientos.<br \/>\nDe construcci\u00f3n robusta y duradera no hay mejor lugar para poner todos los art\u00edculos que se pierden diariamente. El armario Tactix de 22 cajones es el organizador de piezas perfecto para sus necesidades de almacenamiento de objetos peque\u00f1os.<br \/>\nCada caj\u00f3n viene con su propio separador extra\u00edble, duplicando efectivamente el n\u00famero de compartimentos de 22 a 44.<br \/>\nLos separadores permanentes entre los cajones proporcionan una excelente organizaci\u00f3n mientras mantiene un armario resistente.<br \/>\nPerfecto para herramientas, pernos, tornillos, piezas, manualidades y muchos otros art\u00edculos.<br \/>\nLos cajones son transparentes por lo que es f\u00e1cil de organizar y localizar tus piezas y art\u00edculos.<\/p>\n<p>Alto: 25 cm<br \/>\nAncho: 50 cm<br \/>\nProfundidad: 16 cm<\/p>\n","protected":false},"excerpt":{"rendered":"<p>Caja \/ Gavetero Plastico Marca Tactix de 22 compartimientos. De construcci\u00f3n robusta y duradera no hay mejor lugar para poner<\/p>\n","protected":false},"featured_media":8865,"template":"","meta":[],"product_brand":[],"product_cat":[128],"product_tag":[159,701,714],"class_list":{"0":"post-8864","1":"product","2":"type-product","3":"status-publish","4":"has-post-thumbnail","6":"product_cat-organizadores","7":"product_tag-negro","8":"product_tag-orden","9":"product_tag-ordenado","11":"first","12":"outofstock","13":"sale","14":"sold-individually","15":"taxable","16":"shipping-taxable","17":"purchasable","18":"product-type-simple"},"yoast_head":"<!-- This site is optimized with the Yoast SEO plugin v27.2 - https:\/\/yoast.com\/product\/yoast-seo-wordpress\/ -->\n<title>Caja Organizador Plastico Tactix Gavetero Con 22 Cajones - CALZAVARA<\/title>\n<meta name=\"robots\" content=\"index, follow, max-snippet:-1, max-image-preview:large, max-video-preview:-1\" \/>\n<link rel=\"canonical\" href=\"https:\/\/calzavara.ar\/index.php\/producto\/caja-organizador-plastico-tactix-gavetero-con-22-cajones\/\" \/>\n<meta property=\"og:locale\" content=\"es_ES\" \/>\n<meta property=\"og:type\" content=\"article\" \/>\n<meta property=\"og:title\" content=\"Caja Organizador Plastico Tactix Gavetero Con 22 Cajones - CALZAVARA\" \/>\n<meta property=\"og:description\" content=\"Caja \/ Gavetero Plastico Marca Tactix de 22 compartimientos. De construcci\u00f3n robusta y duradera no hay mejor lugar para poner\" \/>\n<meta property=\"og:url\" content=\"https:\/\/calzavara.ar\/index.php\/producto\/caja-organizador-plastico-tactix-gavetero-con-22-cajones\/\" \/>\n<meta property=\"og:site_name\" content=\"CALZAVARA\" \/>\n<meta property=\"article:publisher\" content=\"https:\/\/www.facebook.com\/calzavarasrl\" \/>\n<meta property=\"article:modified_time\" content=\"2026-01-19T11:42:01+00:00\" \/>\n<meta property=\"og:image\" content=\"https:\/\/calzavara.ar\/wp-content\/uploads\/2021\/12\/18829-A.png\" \/>\n\t<meta property=\"og:image:width\" content=\"1000\" \/>\n\t<meta property=\"og:image:height\" content=\"1000\" \/>\n\t<meta property=\"og:image:type\" content=\"image\/png\" \/>\n<meta name=\"twitter:card\" content=\"summary_large_image\" \/>\n<meta name=\"twitter:label1\" content=\"Tiempo de lectura\" \/>\n\t<meta name=\"twitter:data1\" content=\"1 minuto\" \/>\n<script type=\"application\/ld+json\" class=\"yoast-schema-graph\">{\"@context\":\"https:\/\/schema.org\",\"@graph\":[{\"@type\":\"WebPage\",\"@id\":\"https:\/\/calzavara.ar\/index.php\/producto\/caja-organizador-plastico-tactix-gavetero-con-22-cajones\/\",\"url\":\"https:\/\/calzavara.ar\/index.php\/producto\/caja-organizador-plastico-tactix-gavetero-con-22-cajones\/\",\"name\":\"Caja Organizador Plastico Tactix Gavetero Con 22 Cajones - CALZAVARA\",\"isPartOf\":{\"@id\":\"https:\/\/calzavara.ar\/#website\"},\"primaryImageOfPage\":{\"@id\":\"https:\/\/calzavara.ar\/index.php\/producto\/caja-organizador-plastico-tactix-gavetero-con-22-cajones\/#primaryimage\"},\"image\":{\"@id\":\"https:\/\/calzavara.ar\/index.php\/producto\/caja-organizador-plastico-tactix-gavetero-con-22-cajones\/#primaryimage\"},\"thumbnailUrl\":\"https:\/\/calzavara.ar\/wp-content\/uploads\/2021\/12\/18829-A.png\",\"datePublished\":\"2021-12-28T18:44:06+00:00\",\"dateModified\":\"2026-01-19T11:42:01+00:00\",\"breadcrumb\":{\"@id\":\"https:\/\/calzavara.ar\/index.php\/producto\/caja-organizador-plastico-tactix-gavetero-con-22-cajones\/#breadcrumb\"},\"inLanguage\":\"es\",\"potentialAction\":[{\"@type\":\"ReadAction\",\"target\":[\"https:\/\/calzavara.ar\/index.php\/producto\/caja-organizador-plastico-tactix-gavetero-con-22-cajones\/\"]}]},{\"@type\":\"ImageObject\",\"inLanguage\":\"es\",\"@id\":\"https:\/\/calzavara.ar\/index.php\/producto\/caja-organizador-plastico-tactix-gavetero-con-22-cajones\/#primaryimage\",\"url\":\"https:\/\/calzavara.ar\/wp-content\/uploads\/2021\/12\/18829-A.png\",\"contentUrl\":\"https:\/\/calzavara.ar\/wp-content\/uploads\/2021\/12\/18829-A.png\",\"width\":1000,\"height\":1000},{\"@type\":\"BreadcrumbList\",\"@id\":\"https:\/\/calzavara.ar\/index.php\/producto\/caja-organizador-plastico-tactix-gavetero-con-22-cajones\/#breadcrumb\",\"itemListElement\":[{\"@type\":\"ListItem\",\"position\":1,\"name\":\"Portada\",\"item\":\"https:\/\/calzavara.ar\/\"},{\"@type\":\"ListItem\",\"position\":2,\"name\":\"Tienda\",\"item\":\"https:\/\/calzavara.ar\/index.php\/tienda\/\"},{\"@type\":\"ListItem\",\"position\":3,\"name\":\"Caja Organizador Plastico Tactix Gavetero Con 22 Cajones\"}]},{\"@type\":\"WebSite\",\"@id\":\"https:\/\/calzavara.ar\/#website\",\"url\":\"https:\/\/calzavara.ar\/\",\"name\":\"CALZAVARA\",\"description\":\"Tienda Oficial CALZAVARA\",\"publisher\":{\"@id\":\"https:\/\/calzavara.ar\/#organization\"},\"potentialAction\":[{\"@type\":\"SearchAction\",\"target\":{\"@type\":\"EntryPoint\",\"urlTemplate\":\"https:\/\/calzavara.ar\/?s={search_term_string}\"},\"query-input\":{\"@type\":\"PropertyValueSpecification\",\"valueRequired\":true,\"valueName\":\"search_term_string\"}}],\"inLanguage\":\"es\"},{\"@type\":\"Organization\",\"@id\":\"https:\/\/calzavara.ar\/#organization\",\"name\":\"CALZAVARA\",\"url\":\"https:\/\/calzavara.ar\/\",\"logo\":{\"@type\":\"ImageObject\",\"inLanguage\":\"es\",\"@id\":\"https:\/\/calzavara.ar\/#\/schema\/logo\/image\/\",\"url\":\"https:\/\/calzavara.ar\/wp-content\/uploads\/2025\/05\/CalzaLogoRedes.jpg\",\"contentUrl\":\"https:\/\/calzavara.ar\/wp-content\/uploads\/2025\/05\/CalzaLogoRedes.jpg\",\"width\":640,\"height\":640,\"caption\":\"CALZAVARA\"},\"image\":{\"@id\":\"https:\/\/calzavara.ar\/#\/schema\/logo\/image\/\"},\"sameAs\":[\"https:\/\/www.facebook.com\/calzavarasrl\",\"https:\/\/www.instagram.com\/calzavara_herrajes\",\"https:\/\/www.linkedin.com\/company\/calzavara\/\",\"https:\/\/www.youtube.com\/@calzavara3279\"]}]}<\/script>\n<!-- \/ Yoast SEO plugin. -->","yoast_head_json":{"title":"Caja Organizador Plastico Tactix Gavetero Con 22 Cajones - CALZAVARA","robots":{"index":"index","follow":"follow","max-snippet":"max-snippet:-1","max-image-preview":"max-image-preview:large","max-video-preview":"max-video-preview:-1"},"canonical":"https:\/\/calzavara.ar\/index.php\/producto\/caja-organizador-plastico-tactix-gavetero-con-22-cajones\/","og_locale":"es_ES","og_type":"article","og_title":"Caja Organizador Plastico Tactix Gavetero Con 22 Cajones - CALZAVARA","og_description":"Caja \/ Gavetero Plastico Marca Tactix de 22 compartimientos. De construcci\u00f3n robusta y duradera no hay mejor lugar para poner","og_url":"https:\/\/calzavara.ar\/index.php\/producto\/caja-organizador-plastico-tactix-gavetero-con-22-cajones\/","og_site_name":"CALZAVARA","article_publisher":"https:\/\/www.facebook.com\/calzavarasrl","article_modified_time":"2026-01-19T11:42:01+00:00","og_image":[{"width":1000,"height":1000,"url":"https:\/\/calzavara.ar\/wp-content\/uploads\/2021\/12\/18829-A.png","type":"image\/png"}],"twitter_card":"summary_large_image","twitter_misc":{"Tiempo de lectura":"1 minuto"},"schema":{"@context":"https:\/\/schema.org","@graph":[{"@type":"WebPage","@id":"https:\/\/calzavara.ar\/index.php\/producto\/caja-organizador-plastico-tactix-gavetero-con-22-cajones\/","url":"https:\/\/calzavara.ar\/index.php\/producto\/caja-organizador-plastico-tactix-gavetero-con-22-cajones\/","name":"Caja Organizador Plastico Tactix Gavetero Con 22 Cajones - CALZAVARA","isPartOf":{"@id":"https:\/\/calzavara.ar\/#website"},"primaryImageOfPage":{"@id":"https:\/\/calzavara.ar\/index.php\/producto\/caja-organizador-plastico-tactix-gavetero-con-22-cajones\/#primaryimage"},"image":{"@id":"https:\/\/calzavara.ar\/index.php\/producto\/caja-organizador-plastico-tactix-gavetero-con-22-cajones\/#primaryimage"},"thumbnailUrl":"https:\/\/calzavara.ar\/wp-content\/uploads\/2021\/12\/18829-A.png","datePublished":"2021-12-28T18:44:06+00:00","dateModified":"2026-01-19T11:42:01+00:00","breadcrumb":{"@id":"https:\/\/calzavara.ar\/index.php\/producto\/caja-organizador-plastico-tactix-gavetero-con-22-cajones\/#breadcrumb"},"inLanguage":"es","potentialAction":[{"@type":"ReadAction","target":["https:\/\/calzavara.ar\/index.php\/producto\/caja-organizador-plastico-tactix-gavetero-con-22-cajones\/"]}]},{"@type":"ImageObject","inLanguage":"es","@id":"https:\/\/calzavara.ar\/index.php\/producto\/caja-organizador-plastico-tactix-gavetero-con-22-cajones\/#primaryimage","url":"https:\/\/calzavara.ar\/wp-content\/uploads\/2021\/12\/18829-A.png","contentUrl":"https:\/\/calzavara.ar\/wp-content\/uploads\/2021\/12\/18829-A.png","width":1000,"height":1000},{"@type":"BreadcrumbList","@id":"https:\/\/calzavara.ar\/index.php\/producto\/caja-organizador-plastico-tactix-gavetero-con-22-cajones\/#breadcrumb","itemListElement":[{"@type":"ListItem","position":1,"name":"Portada","item":"https:\/\/calzavara.ar\/"},{"@type":"ListItem","position":2,"name":"Tienda","item":"https:\/\/calzavara.ar\/index.php\/tienda\/"},{"@type":"ListItem","position":3,"name":"Caja Organizador Plastico Tactix Gavetero Con 22 Cajones"}]},{"@type":"WebSite","@id":"https:\/\/calzavara.ar\/#website","url":"https:\/\/calzavara.ar\/","name":"CALZAVARA","description":"Tienda Oficial CALZAVARA","publisher":{"@id":"https:\/\/calzavara.ar\/#organization"},"potentialAction":[{"@type":"SearchAction","target":{"@type":"EntryPoint","urlTemplate":"https:\/\/calzavara.ar\/?s={search_term_string}"},"query-input":{"@type":"PropertyValueSpecification","valueRequired":true,"valueName":"search_term_string"}}],"inLanguage":"es"},{"@type":"Organization","@id":"https:\/\/calzavara.ar\/#organization","name":"CALZAVARA","url":"https:\/\/calzavara.ar\/","logo":{"@type":"ImageObject","inLanguage":"es","@id":"https:\/\/calzavara.ar\/#\/schema\/logo\/image\/","url":"https:\/\/calzavara.ar\/wp-content\/uploads\/2025\/05\/CalzaLogoRedes.jpg","contentUrl":"https:\/\/calzavara.ar\/wp-content\/uploads\/2025\/05\/CalzaLogoRedes.jpg","width":640,"height":640,"caption":"CALZAVARA"},"image":{"@id":"https:\/\/calzavara.ar\/#\/schema\/logo\/image\/"},"sameAs":["https:\/\/www.facebook.com\/calzavarasrl","https:\/\/www.instagram.com\/calzavara_herrajes","https:\/\/www.linkedin.com\/company\/calzavara\/","https:\/\/www.youtube.com\/@calzavara3279"]}]}},"jetpack_sharing_enabled":true,"_links":{"self":[{"href":"https:\/\/calzavara.ar\/index.php\/wp-json\/wp\/v2\/product\/8864","targetHints":{"allow":["GET"]}}],"collection":[{"href":"https:\/\/calzavara.ar\/index.php\/wp-json\/wp\/v2\/product"}],"about":[{"href":"https:\/\/calzavara.ar\/index.php\/wp-json\/wp\/v2\/types\/product"}],"wp:featuredmedia":[{"embeddable":true,"href":"https:\/\/calzavara.ar\/index.php\/wp-json\/wp\/v2\/media\/8865"}],"wp:attachment":[{"href":"https:\/\/calzavara.ar\/index.php\/wp-json\/wp\/v2\/media?parent=8864"}],"wp:term":[{"taxonomy":"product_brand","embeddable":true,"href":"https:\/\/calzavara.ar\/index.php\/wp-json\/wp\/v2\/product_brand?post=8864"},{"taxonomy":"product_cat","embeddable":true,"href":"https:\/\/calzavara.ar\/index.php\/wp-json\/wp\/v2\/product_cat?post=8864"},{"taxonomy":"product_tag","embeddable":true,"href":"https:\/\/calzavara.ar\/index.php\/wp-json\/wp\/v2\/product_tag?post=8864"}],"curies":[{"name":"wp","href":"https:\/\/api.w.org\/{rel}","templated":true}]}}