{"id":7633,"date":"2021-05-03T11:13:07","date_gmt":"2021-05-03T14:13:07","guid":{"rendered":"https:\/\/calzavara.ar\/index.php\/producto\/aerosol-rust-oleum-marfil-62169\/"},"modified":"2026-01-19T08:41:39","modified_gmt":"2026-01-19T11:41:39","slug":"aerosol-rust-oleum-marfil-62169","status":"publish","type":"product","link":"https:\/\/calzavara.ar\/index.php\/producto\/aerosol-rust-oleum-marfil-62169\/","title":{"rendered":"Aerosol Rust Oleum Marfil 62169"},"content":{"rendered":"<p>Pintura en aerosol ultra cubritiva para aplicar sobre madera, metal, pl\u00e1stico, mimbre, vidrio, melamina. Con los aerosoles Rust-Oleum\u00ae Ultra Cover\u00ae 2X puedes renovar, restaurar o reciclar el objeto que imagines, sin importar la forma o material con que est\u00e9 hecho. Ya  sea que est\u00e9s buscando un color original o un acabado \u00fanico, encontrar\u00e1s en Ultra Cover\u00ae 2X el mejor aliado para tu proyecto. <\/p>\n<p>&#8211;    Rinde m\u00e1s del doble: tu dinero tiene m\u00e1s valor<br \/>\n&#8211;    Cubre m\u00e1s del doble: los proyectos se terminan m\u00e1s r\u00e1pido<br \/>\n&#8211;    Directo sobre pl\u00e1stico: sin aplicar imprimante<br \/>\n&#8211;    Pinta en cualquier \u00e1ngulo: arriba, abajo y de costado tambi\u00e9n<br \/>\n&#8211;    M\u00e1s colores y acabados: los cl\u00e1sicos y los de moda<br \/>\n&#8211;    V\u00e1lvula confortable: Reduce la fatiga en los dedos<br \/>\n&#8211;    Secado r\u00e1pido: en 20 minutos se puede tocar y en 1 hora agarrar<br \/>\n&#8211;    Tapa de seguridad: protecci\u00f3n garantizada<\/p>\n<p>Son ideales para para pintar superficies demadera, metal, pl\u00e1stico, mimbre, cer\u00e1mica, mamposter\u00eda y m\u00e1s, No se puede aplicar sobre metales galvanizados.<\/p>\n","protected":false},"excerpt":{"rendered":"<p>Pintura en aerosol ultra cubritiva para aplicar sobre madera, metal, pl\u00e1stico, mimbre, vidrio, melamina. Con los aerosoles Rust-Oleum\u00ae Ultra Cover\u00ae<\/p>\n","protected":false},"featured_media":7632,"template":"","meta":[],"product_brand":[],"product_cat":[142,141],"product_tag":[517],"class_list":{"0":"post-7633","1":"product","2":"type-product","3":"status-publish","4":"has-post-thumbnail","6":"product_cat-aerosoles","7":"product_cat-pinturas","8":"product_tag-deco-decoracion-pintura-aerosol-esmalte-sintetico-bricolaje","10":"first","11":"outofstock","12":"sale","13":"taxable","14":"shipping-taxable","15":"purchasable","16":"product-type-simple"},"yoast_head":"<!-- This site is optimized with the Yoast SEO plugin v27.2 - https:\/\/yoast.com\/product\/yoast-seo-wordpress\/ -->\n<title>Aerosol Rust Oleum Marfil 62169 - CALZAVARA<\/title>\n<meta name=\"robots\" content=\"index, follow, max-snippet:-1, max-image-preview:large, max-video-preview:-1\" \/>\n<link rel=\"canonical\" href=\"https:\/\/calzavara.ar\/index.php\/producto\/aerosol-rust-oleum-marfil-62169\/\" \/>\n<meta property=\"og:locale\" content=\"es_ES\" \/>\n<meta property=\"og:type\" content=\"article\" \/>\n<meta property=\"og:title\" content=\"Aerosol Rust Oleum Marfil 62169 - CALZAVARA\" \/>\n<meta property=\"og:description\" content=\"Pintura en aerosol ultra cubritiva para aplicar sobre madera, metal, pl\u00e1stico, mimbre, vidrio, melamina. Con los aerosoles Rust-Oleum\u00ae Ultra Cover\u00ae\" \/>\n<meta property=\"og:url\" content=\"https:\/\/calzavara.ar\/index.php\/producto\/aerosol-rust-oleum-marfil-62169\/\" \/>\n<meta property=\"og:site_name\" content=\"CALZAVARA\" \/>\n<meta property=\"article:publisher\" content=\"https:\/\/www.facebook.com\/calzavarasrl\" \/>\n<meta property=\"article:modified_time\" content=\"2026-01-19T11:41:39+00:00\" \/>\n<meta property=\"og:image\" content=\"https:\/\/calzavara.ar\/wp-content\/uploads\/2021\/05\/26615.png\" \/>\n\t<meta property=\"og:image:width\" content=\"1200\" \/>\n\t<meta property=\"og:image:height\" content=\"900\" \/>\n\t<meta property=\"og:image:type\" content=\"image\/png\" \/>\n<meta name=\"twitter:card\" content=\"summary_large_image\" \/>\n<meta name=\"twitter:label1\" content=\"Tiempo de lectura\" \/>\n\t<meta name=\"twitter:data1\" content=\"1 minuto\" \/>\n<script type=\"application\/ld+json\" class=\"yoast-schema-graph\">{\"@context\":\"https:\/\/schema.org\",\"@graph\":[{\"@type\":\"WebPage\",\"@id\":\"https:\/\/calzavara.ar\/index.php\/producto\/aerosol-rust-oleum-marfil-62169\/\",\"url\":\"https:\/\/calzavara.ar\/index.php\/producto\/aerosol-rust-oleum-marfil-62169\/\",\"name\":\"Aerosol Rust Oleum Marfil 62169 - CALZAVARA\",\"isPartOf\":{\"@id\":\"https:\/\/calzavara.ar\/#website\"},\"primaryImageOfPage\":{\"@id\":\"https:\/\/calzavara.ar\/index.php\/producto\/aerosol-rust-oleum-marfil-62169\/#primaryimage\"},\"image\":{\"@id\":\"https:\/\/calzavara.ar\/index.php\/producto\/aerosol-rust-oleum-marfil-62169\/#primaryimage\"},\"thumbnailUrl\":\"https:\/\/calzavara.ar\/wp-content\/uploads\/2021\/05\/26615.png\",\"datePublished\":\"2021-05-03T14:13:07+00:00\",\"dateModified\":\"2026-01-19T11:41:39+00:00\",\"breadcrumb\":{\"@id\":\"https:\/\/calzavara.ar\/index.php\/producto\/aerosol-rust-oleum-marfil-62169\/#breadcrumb\"},\"inLanguage\":\"es\",\"potentialAction\":[{\"@type\":\"ReadAction\",\"target\":[\"https:\/\/calzavara.ar\/index.php\/producto\/aerosol-rust-oleum-marfil-62169\/\"]}]},{\"@type\":\"ImageObject\",\"inLanguage\":\"es\",\"@id\":\"https:\/\/calzavara.ar\/index.php\/producto\/aerosol-rust-oleum-marfil-62169\/#primaryimage\",\"url\":\"https:\/\/calzavara.ar\/wp-content\/uploads\/2021\/05\/26615.png\",\"contentUrl\":\"https:\/\/calzavara.ar\/wp-content\/uploads\/2021\/05\/26615.png\",\"width\":1200,\"height\":900},{\"@type\":\"BreadcrumbList\",\"@id\":\"https:\/\/calzavara.ar\/index.php\/producto\/aerosol-rust-oleum-marfil-62169\/#breadcrumb\",\"itemListElement\":[{\"@type\":\"ListItem\",\"position\":1,\"name\":\"Portada\",\"item\":\"https:\/\/calzavara.ar\/\"},{\"@type\":\"ListItem\",\"position\":2,\"name\":\"Tienda\",\"item\":\"https:\/\/calzavara.ar\/index.php\/tienda\/\"},{\"@type\":\"ListItem\",\"position\":3,\"name\":\"Aerosol Rust Oleum Marfil 62169\"}]},{\"@type\":\"WebSite\",\"@id\":\"https:\/\/calzavara.ar\/#website\",\"url\":\"https:\/\/calzavara.ar\/\",\"name\":\"CALZAVARA\",\"description\":\"Tienda Oficial CALZAVARA\",\"publisher\":{\"@id\":\"https:\/\/calzavara.ar\/#organization\"},\"potentialAction\":[{\"@type\":\"SearchAction\",\"target\":{\"@type\":\"EntryPoint\",\"urlTemplate\":\"https:\/\/calzavara.ar\/?s={search_term_string}\"},\"query-input\":{\"@type\":\"PropertyValueSpecification\",\"valueRequired\":true,\"valueName\":\"search_term_string\"}}],\"inLanguage\":\"es\"},{\"@type\":\"Organization\",\"@id\":\"https:\/\/calzavara.ar\/#organization\",\"name\":\"CALZAVARA\",\"url\":\"https:\/\/calzavara.ar\/\",\"logo\":{\"@type\":\"ImageObject\",\"inLanguage\":\"es\",\"@id\":\"https:\/\/calzavara.ar\/#\/schema\/logo\/image\/\",\"url\":\"https:\/\/calzavara.ar\/wp-content\/uploads\/2025\/05\/CalzaLogoRedes.jpg\",\"contentUrl\":\"https:\/\/calzavara.ar\/wp-content\/uploads\/2025\/05\/CalzaLogoRedes.jpg\",\"width\":640,\"height\":640,\"caption\":\"CALZAVARA\"},\"image\":{\"@id\":\"https:\/\/calzavara.ar\/#\/schema\/logo\/image\/\"},\"sameAs\":[\"https:\/\/www.facebook.com\/calzavarasrl\",\"https:\/\/www.instagram.com\/calzavara_herrajes\",\"https:\/\/www.linkedin.com\/company\/calzavara\/\",\"https:\/\/www.youtube.com\/@calzavara3279\"]}]}<\/script>\n<!-- \/ Yoast SEO plugin. -->","yoast_head_json":{"title":"Aerosol Rust Oleum Marfil 62169 - CALZAVARA","robots":{"index":"index","follow":"follow","max-snippet":"max-snippet:-1","max-image-preview":"max-image-preview:large","max-video-preview":"max-video-preview:-1"},"canonical":"https:\/\/calzavara.ar\/index.php\/producto\/aerosol-rust-oleum-marfil-62169\/","og_locale":"es_ES","og_type":"article","og_title":"Aerosol Rust Oleum Marfil 62169 - CALZAVARA","og_description":"Pintura en aerosol ultra cubritiva para aplicar sobre madera, metal, pl\u00e1stico, mimbre, vidrio, melamina. Con los aerosoles Rust-Oleum\u00ae Ultra Cover\u00ae","og_url":"https:\/\/calzavara.ar\/index.php\/producto\/aerosol-rust-oleum-marfil-62169\/","og_site_name":"CALZAVARA","article_publisher":"https:\/\/www.facebook.com\/calzavarasrl","article_modified_time":"2026-01-19T11:41:39+00:00","og_image":[{"width":1200,"height":900,"url":"https:\/\/calzavara.ar\/wp-content\/uploads\/2021\/05\/26615.png","type":"image\/png"}],"twitter_card":"summary_large_image","twitter_misc":{"Tiempo de lectura":"1 minuto"},"schema":{"@context":"https:\/\/schema.org","@graph":[{"@type":"WebPage","@id":"https:\/\/calzavara.ar\/index.php\/producto\/aerosol-rust-oleum-marfil-62169\/","url":"https:\/\/calzavara.ar\/index.php\/producto\/aerosol-rust-oleum-marfil-62169\/","name":"Aerosol Rust Oleum Marfil 62169 - CALZAVARA","isPartOf":{"@id":"https:\/\/calzavara.ar\/#website"},"primaryImageOfPage":{"@id":"https:\/\/calzavara.ar\/index.php\/producto\/aerosol-rust-oleum-marfil-62169\/#primaryimage"},"image":{"@id":"https:\/\/calzavara.ar\/index.php\/producto\/aerosol-rust-oleum-marfil-62169\/#primaryimage"},"thumbnailUrl":"https:\/\/calzavara.ar\/wp-content\/uploads\/2021\/05\/26615.png","datePublished":"2021-05-03T14:13:07+00:00","dateModified":"2026-01-19T11:41:39+00:00","breadcrumb":{"@id":"https:\/\/calzavara.ar\/index.php\/producto\/aerosol-rust-oleum-marfil-62169\/#breadcrumb"},"inLanguage":"es","potentialAction":[{"@type":"ReadAction","target":["https:\/\/calzavara.ar\/index.php\/producto\/aerosol-rust-oleum-marfil-62169\/"]}]},{"@type":"ImageObject","inLanguage":"es","@id":"https:\/\/calzavara.ar\/index.php\/producto\/aerosol-rust-oleum-marfil-62169\/#primaryimage","url":"https:\/\/calzavara.ar\/wp-content\/uploads\/2021\/05\/26615.png","contentUrl":"https:\/\/calzavara.ar\/wp-content\/uploads\/2021\/05\/26615.png","width":1200,"height":900},{"@type":"BreadcrumbList","@id":"https:\/\/calzavara.ar\/index.php\/producto\/aerosol-rust-oleum-marfil-62169\/#breadcrumb","itemListElement":[{"@type":"ListItem","position":1,"name":"Portada","item":"https:\/\/calzavara.ar\/"},{"@type":"ListItem","position":2,"name":"Tienda","item":"https:\/\/calzavara.ar\/index.php\/tienda\/"},{"@type":"ListItem","position":3,"name":"Aerosol Rust Oleum Marfil 62169"}]},{"@type":"WebSite","@id":"https:\/\/calzavara.ar\/#website","url":"https:\/\/calzavara.ar\/","name":"CALZAVARA","description":"Tienda Oficial CALZAVARA","publisher":{"@id":"https:\/\/calzavara.ar\/#organization"},"potentialAction":[{"@type":"SearchAction","target":{"@type":"EntryPoint","urlTemplate":"https:\/\/calzavara.ar\/?s={search_term_string}"},"query-input":{"@type":"PropertyValueSpecification","valueRequired":true,"valueName":"search_term_string"}}],"inLanguage":"es"},{"@type":"Organization","@id":"https:\/\/calzavara.ar\/#organization","name":"CALZAVARA","url":"https:\/\/calzavara.ar\/","logo":{"@type":"ImageObject","inLanguage":"es","@id":"https:\/\/calzavara.ar\/#\/schema\/logo\/image\/","url":"https:\/\/calzavara.ar\/wp-content\/uploads\/2025\/05\/CalzaLogoRedes.jpg","contentUrl":"https:\/\/calzavara.ar\/wp-content\/uploads\/2025\/05\/CalzaLogoRedes.jpg","width":640,"height":640,"caption":"CALZAVARA"},"image":{"@id":"https:\/\/calzavara.ar\/#\/schema\/logo\/image\/"},"sameAs":["https:\/\/www.facebook.com\/calzavarasrl","https:\/\/www.instagram.com\/calzavara_herrajes","https:\/\/www.linkedin.com\/company\/calzavara\/","https:\/\/www.youtube.com\/@calzavara3279"]}]}},"jetpack_sharing_enabled":true,"_links":{"self":[{"href":"https:\/\/calzavara.ar\/index.php\/wp-json\/wp\/v2\/product\/7633","targetHints":{"allow":["GET"]}}],"collection":[{"href":"https:\/\/calzavara.ar\/index.php\/wp-json\/wp\/v2\/product"}],"about":[{"href":"https:\/\/calzavara.ar\/index.php\/wp-json\/wp\/v2\/types\/product"}],"wp:featuredmedia":[{"embeddable":true,"href":"https:\/\/calzavara.ar\/index.php\/wp-json\/wp\/v2\/media\/7632"}],"wp:attachment":[{"href":"https:\/\/calzavara.ar\/index.php\/wp-json\/wp\/v2\/media?parent=7633"}],"wp:term":[{"taxonomy":"product_brand","embeddable":true,"href":"https:\/\/calzavara.ar\/index.php\/wp-json\/wp\/v2\/product_brand?post=7633"},{"taxonomy":"product_cat","embeddable":true,"href":"https:\/\/calzavara.ar\/index.php\/wp-json\/wp\/v2\/product_cat?post=7633"},{"taxonomy":"product_tag","embeddable":true,"href":"https:\/\/calzavara.ar\/index.php\/wp-json\/wp\/v2\/product_tag?post=7633"}],"curies":[{"name":"wp","href":"https:\/\/api.w.org\/{rel}","templated":true}]}}