{"id":6664,"date":"2021-04-24T13:03:49","date_gmt":"2021-04-24T16:03:49","guid":{"rendered":"https:\/\/calzavara.ar\/index.php\/producto\/taco-lija-tipo-esponjas-abrasivas-qbo-grado-80\/"},"modified":"2026-01-19T08:41:31","modified_gmt":"2026-01-19T11:41:31","slug":"taco-lija-tipo-esponjas-abrasivas-qbo-grado-80","status":"publish","type":"product","link":"https:\/\/calzavara.ar\/index.php\/producto\/taco-lija-tipo-esponjas-abrasivas-qbo-grado-80\/","title":{"rendered":"Taco Lija Tipo Esponjas Abrasivas Qbo Grado 80"},"content":{"rendered":"<p>Las tacos tienen el tama\u00f1o de la mano y permite una ligera deformaci\u00f3n que hace su uso mucho mas c\u00f3modo y f\u00e1cil. Sus bordes y \u00e1ngulos rectos permiten lijar superficies a 90\u00b0 con mucha mayor facilidad que una hoja de lija. <\/p>\n","protected":false},"excerpt":{"rendered":"<p>Las tacos tienen el tama\u00f1o de la mano y permite una ligera deformaci\u00f3n que hace su uso mucho mas c\u00f3modo<\/p>\n","protected":false},"featured_media":6663,"template":"","meta":[],"product_brand":[],"product_cat":[68],"product_tag":[457],"class_list":{"0":"post-6664","1":"product","2":"type-product","3":"status-publish","4":"has-post-thumbnail","6":"product_cat-abrasivo","7":"product_tag-taco-lija-tipo-esponjas-abrasivas-qbo","9":"first","10":"instock","11":"taxable","12":"shipping-taxable","13":"purchasable","14":"product-type-simple"},"yoast_head":"<!-- This site is optimized with the Yoast SEO plugin v27.2 - https:\/\/yoast.com\/product\/yoast-seo-wordpress\/ -->\n<title>Taco Lija Tipo Esponjas Abrasivas Qbo Grado 80 - CALZAVARA<\/title>\n<meta name=\"robots\" content=\"index, follow, max-snippet:-1, max-image-preview:large, max-video-preview:-1\" \/>\n<link rel=\"canonical\" href=\"https:\/\/calzavara.ar\/index.php\/producto\/taco-lija-tipo-esponjas-abrasivas-qbo-grado-80\/\" \/>\n<meta property=\"og:locale\" content=\"es_ES\" \/>\n<meta property=\"og:type\" content=\"article\" \/>\n<meta property=\"og:title\" content=\"Taco Lija Tipo Esponjas Abrasivas Qbo Grado 80 - CALZAVARA\" \/>\n<meta property=\"og:description\" content=\"Las tacos tienen el tama\u00f1o de la mano y permite una ligera deformaci\u00f3n que hace su uso mucho mas c\u00f3modo\" \/>\n<meta property=\"og:url\" content=\"https:\/\/calzavara.ar\/index.php\/producto\/taco-lija-tipo-esponjas-abrasivas-qbo-grado-80\/\" \/>\n<meta property=\"og:site_name\" content=\"CALZAVARA\" \/>\n<meta property=\"article:publisher\" content=\"https:\/\/www.facebook.com\/calzavarasrl\" \/>\n<meta property=\"article:modified_time\" content=\"2026-01-19T11:41:31+00:00\" \/>\n<meta property=\"og:image\" content=\"https:\/\/calzavara.ar\/wp-content\/uploads\/2021\/04\/91102.jpg\" \/>\n\t<meta property=\"og:image:width\" content=\"1000\" \/>\n\t<meta property=\"og:image:height\" content=\"667\" \/>\n\t<meta property=\"og:image:type\" content=\"image\/jpeg\" \/>\n<meta name=\"twitter:card\" content=\"summary_large_image\" \/>\n<script type=\"application\/ld+json\" class=\"yoast-schema-graph\">{\"@context\":\"https:\/\/schema.org\",\"@graph\":[{\"@type\":\"WebPage\",\"@id\":\"https:\/\/calzavara.ar\/index.php\/producto\/taco-lija-tipo-esponjas-abrasivas-qbo-grado-80\/\",\"url\":\"https:\/\/calzavara.ar\/index.php\/producto\/taco-lija-tipo-esponjas-abrasivas-qbo-grado-80\/\",\"name\":\"Taco Lija Tipo Esponjas Abrasivas Qbo Grado 80 - CALZAVARA\",\"isPartOf\":{\"@id\":\"https:\/\/calzavara.ar\/#website\"},\"primaryImageOfPage\":{\"@id\":\"https:\/\/calzavara.ar\/index.php\/producto\/taco-lija-tipo-esponjas-abrasivas-qbo-grado-80\/#primaryimage\"},\"image\":{\"@id\":\"https:\/\/calzavara.ar\/index.php\/producto\/taco-lija-tipo-esponjas-abrasivas-qbo-grado-80\/#primaryimage\"},\"thumbnailUrl\":\"https:\/\/calzavara.ar\/wp-content\/uploads\/2021\/04\/91102.jpg\",\"datePublished\":\"2021-04-24T16:03:49+00:00\",\"dateModified\":\"2026-01-19T11:41:31+00:00\",\"breadcrumb\":{\"@id\":\"https:\/\/calzavara.ar\/index.php\/producto\/taco-lija-tipo-esponjas-abrasivas-qbo-grado-80\/#breadcrumb\"},\"inLanguage\":\"es\",\"potentialAction\":[{\"@type\":\"ReadAction\",\"target\":[\"https:\/\/calzavara.ar\/index.php\/producto\/taco-lija-tipo-esponjas-abrasivas-qbo-grado-80\/\"]}]},{\"@type\":\"ImageObject\",\"inLanguage\":\"es\",\"@id\":\"https:\/\/calzavara.ar\/index.php\/producto\/taco-lija-tipo-esponjas-abrasivas-qbo-grado-80\/#primaryimage\",\"url\":\"https:\/\/calzavara.ar\/wp-content\/uploads\/2021\/04\/91102.jpg\",\"contentUrl\":\"https:\/\/calzavara.ar\/wp-content\/uploads\/2021\/04\/91102.jpg\",\"width\":1000,\"height\":667},{\"@type\":\"BreadcrumbList\",\"@id\":\"https:\/\/calzavara.ar\/index.php\/producto\/taco-lija-tipo-esponjas-abrasivas-qbo-grado-80\/#breadcrumb\",\"itemListElement\":[{\"@type\":\"ListItem\",\"position\":1,\"name\":\"Portada\",\"item\":\"https:\/\/calzavara.ar\/\"},{\"@type\":\"ListItem\",\"position\":2,\"name\":\"Tienda\",\"item\":\"https:\/\/calzavara.ar\/index.php\/tienda\/\"},{\"@type\":\"ListItem\",\"position\":3,\"name\":\"Taco Lija Tipo Esponjas Abrasivas Qbo Grado 80\"}]},{\"@type\":\"WebSite\",\"@id\":\"https:\/\/calzavara.ar\/#website\",\"url\":\"https:\/\/calzavara.ar\/\",\"name\":\"CALZAVARA\",\"description\":\"Tienda Oficial CALZAVARA\",\"publisher\":{\"@id\":\"https:\/\/calzavara.ar\/#organization\"},\"potentialAction\":[{\"@type\":\"SearchAction\",\"target\":{\"@type\":\"EntryPoint\",\"urlTemplate\":\"https:\/\/calzavara.ar\/?s={search_term_string}\"},\"query-input\":{\"@type\":\"PropertyValueSpecification\",\"valueRequired\":true,\"valueName\":\"search_term_string\"}}],\"inLanguage\":\"es\"},{\"@type\":\"Organization\",\"@id\":\"https:\/\/calzavara.ar\/#organization\",\"name\":\"CALZAVARA\",\"url\":\"https:\/\/calzavara.ar\/\",\"logo\":{\"@type\":\"ImageObject\",\"inLanguage\":\"es\",\"@id\":\"https:\/\/calzavara.ar\/#\/schema\/logo\/image\/\",\"url\":\"https:\/\/calzavara.ar\/wp-content\/uploads\/2025\/05\/CalzaLogoRedes.jpg\",\"contentUrl\":\"https:\/\/calzavara.ar\/wp-content\/uploads\/2025\/05\/CalzaLogoRedes.jpg\",\"width\":640,\"height\":640,\"caption\":\"CALZAVARA\"},\"image\":{\"@id\":\"https:\/\/calzavara.ar\/#\/schema\/logo\/image\/\"},\"sameAs\":[\"https:\/\/www.facebook.com\/calzavarasrl\",\"https:\/\/www.instagram.com\/calzavara_herrajes\",\"https:\/\/www.linkedin.com\/company\/calzavara\/\",\"https:\/\/www.youtube.com\/@calzavara3279\"]}]}<\/script>\n<!-- \/ Yoast SEO plugin. -->","yoast_head_json":{"title":"Taco Lija Tipo Esponjas Abrasivas Qbo Grado 80 - CALZAVARA","robots":{"index":"index","follow":"follow","max-snippet":"max-snippet:-1","max-image-preview":"max-image-preview:large","max-video-preview":"max-video-preview:-1"},"canonical":"https:\/\/calzavara.ar\/index.php\/producto\/taco-lija-tipo-esponjas-abrasivas-qbo-grado-80\/","og_locale":"es_ES","og_type":"article","og_title":"Taco Lija Tipo Esponjas Abrasivas Qbo Grado 80 - CALZAVARA","og_description":"Las tacos tienen el tama\u00f1o de la mano y permite una ligera deformaci\u00f3n que hace su uso mucho mas c\u00f3modo","og_url":"https:\/\/calzavara.ar\/index.php\/producto\/taco-lija-tipo-esponjas-abrasivas-qbo-grado-80\/","og_site_name":"CALZAVARA","article_publisher":"https:\/\/www.facebook.com\/calzavarasrl","article_modified_time":"2026-01-19T11:41:31+00:00","og_image":[{"width":1000,"height":667,"url":"https:\/\/calzavara.ar\/wp-content\/uploads\/2021\/04\/91102.jpg","type":"image\/jpeg"}],"twitter_card":"summary_large_image","schema":{"@context":"https:\/\/schema.org","@graph":[{"@type":"WebPage","@id":"https:\/\/calzavara.ar\/index.php\/producto\/taco-lija-tipo-esponjas-abrasivas-qbo-grado-80\/","url":"https:\/\/calzavara.ar\/index.php\/producto\/taco-lija-tipo-esponjas-abrasivas-qbo-grado-80\/","name":"Taco Lija Tipo Esponjas Abrasivas Qbo Grado 80 - CALZAVARA","isPartOf":{"@id":"https:\/\/calzavara.ar\/#website"},"primaryImageOfPage":{"@id":"https:\/\/calzavara.ar\/index.php\/producto\/taco-lija-tipo-esponjas-abrasivas-qbo-grado-80\/#primaryimage"},"image":{"@id":"https:\/\/calzavara.ar\/index.php\/producto\/taco-lija-tipo-esponjas-abrasivas-qbo-grado-80\/#primaryimage"},"thumbnailUrl":"https:\/\/calzavara.ar\/wp-content\/uploads\/2021\/04\/91102.jpg","datePublished":"2021-04-24T16:03:49+00:00","dateModified":"2026-01-19T11:41:31+00:00","breadcrumb":{"@id":"https:\/\/calzavara.ar\/index.php\/producto\/taco-lija-tipo-esponjas-abrasivas-qbo-grado-80\/#breadcrumb"},"inLanguage":"es","potentialAction":[{"@type":"ReadAction","target":["https:\/\/calzavara.ar\/index.php\/producto\/taco-lija-tipo-esponjas-abrasivas-qbo-grado-80\/"]}]},{"@type":"ImageObject","inLanguage":"es","@id":"https:\/\/calzavara.ar\/index.php\/producto\/taco-lija-tipo-esponjas-abrasivas-qbo-grado-80\/#primaryimage","url":"https:\/\/calzavara.ar\/wp-content\/uploads\/2021\/04\/91102.jpg","contentUrl":"https:\/\/calzavara.ar\/wp-content\/uploads\/2021\/04\/91102.jpg","width":1000,"height":667},{"@type":"BreadcrumbList","@id":"https:\/\/calzavara.ar\/index.php\/producto\/taco-lija-tipo-esponjas-abrasivas-qbo-grado-80\/#breadcrumb","itemListElement":[{"@type":"ListItem","position":1,"name":"Portada","item":"https:\/\/calzavara.ar\/"},{"@type":"ListItem","position":2,"name":"Tienda","item":"https:\/\/calzavara.ar\/index.php\/tienda\/"},{"@type":"ListItem","position":3,"name":"Taco Lija Tipo Esponjas Abrasivas Qbo Grado 80"}]},{"@type":"WebSite","@id":"https:\/\/calzavara.ar\/#website","url":"https:\/\/calzavara.ar\/","name":"CALZAVARA","description":"Tienda Oficial CALZAVARA","publisher":{"@id":"https:\/\/calzavara.ar\/#organization"},"potentialAction":[{"@type":"SearchAction","target":{"@type":"EntryPoint","urlTemplate":"https:\/\/calzavara.ar\/?s={search_term_string}"},"query-input":{"@type":"PropertyValueSpecification","valueRequired":true,"valueName":"search_term_string"}}],"inLanguage":"es"},{"@type":"Organization","@id":"https:\/\/calzavara.ar\/#organization","name":"CALZAVARA","url":"https:\/\/calzavara.ar\/","logo":{"@type":"ImageObject","inLanguage":"es","@id":"https:\/\/calzavara.ar\/#\/schema\/logo\/image\/","url":"https:\/\/calzavara.ar\/wp-content\/uploads\/2025\/05\/CalzaLogoRedes.jpg","contentUrl":"https:\/\/calzavara.ar\/wp-content\/uploads\/2025\/05\/CalzaLogoRedes.jpg","width":640,"height":640,"caption":"CALZAVARA"},"image":{"@id":"https:\/\/calzavara.ar\/#\/schema\/logo\/image\/"},"sameAs":["https:\/\/www.facebook.com\/calzavarasrl","https:\/\/www.instagram.com\/calzavara_herrajes","https:\/\/www.linkedin.com\/company\/calzavara\/","https:\/\/www.youtube.com\/@calzavara3279"]}]}},"jetpack_sharing_enabled":true,"_links":{"self":[{"href":"https:\/\/calzavara.ar\/index.php\/wp-json\/wp\/v2\/product\/6664","targetHints":{"allow":["GET"]}}],"collection":[{"href":"https:\/\/calzavara.ar\/index.php\/wp-json\/wp\/v2\/product"}],"about":[{"href":"https:\/\/calzavara.ar\/index.php\/wp-json\/wp\/v2\/types\/product"}],"wp:featuredmedia":[{"embeddable":true,"href":"https:\/\/calzavara.ar\/index.php\/wp-json\/wp\/v2\/media\/6663"}],"wp:attachment":[{"href":"https:\/\/calzavara.ar\/index.php\/wp-json\/wp\/v2\/media?parent=6664"}],"wp:term":[{"taxonomy":"product_brand","embeddable":true,"href":"https:\/\/calzavara.ar\/index.php\/wp-json\/wp\/v2\/product_brand?post=6664"},{"taxonomy":"product_cat","embeddable":true,"href":"https:\/\/calzavara.ar\/index.php\/wp-json\/wp\/v2\/product_cat?post=6664"},{"taxonomy":"product_tag","embeddable":true,"href":"https:\/\/calzavara.ar\/index.php\/wp-json\/wp\/v2\/product_tag?post=6664"}],"curies":[{"name":"wp","href":"https:\/\/api.w.org\/{rel}","templated":true}]}}