{"id":6509,"date":"2021-04-21T16:03:13","date_gmt":"2021-04-21T19:03:13","guid":{"rendered":"https:\/\/calzavara.ar\/index.php\/producto\/soporte-de-piso-de-acero-inoxidable-para-baranda-de-vidrio\/"},"modified":"2026-01-19T08:41:27","modified_gmt":"2026-01-19T11:41:27","slug":"soporte-de-piso-de-acero-inoxidable-para-baranda-de-vidrio","status":"publish","type":"product","link":"https:\/\/calzavara.ar\/index.php\/producto\/soporte-de-piso-de-acero-inoxidable-para-baranda-de-vidrio\/","title":{"rendered":"Soporte De Piso De Acero Inoxidable Para Baranda de Vidrio"},"content":{"rendered":"<p>Pata de apoyo de 188 mm de alto para panel de vidrio fijo. Construido \u00edntegramente de acero inoxidable con grandes propiedades mec\u00e1nicas, dos piezas pueden soportar hasta 80 kg de pa\u00f1o fijo de vidrio. Ideal para separar ambientes, boxes de oficinas, bordes de piscinas, etc.<br \/>\nCon este tipo de soporte, no hace falta utilizar marc\u00f3 alguno en su pa\u00f1o fijo de vidrio, ideal para paneles, barandas, separadores de ambientes frameless.<\/p>\n","protected":false},"excerpt":{"rendered":"<p>Pata de apoyo de 188 mm de alto para panel de vidrio fijo. Construido \u00edntegramente de acero inoxidable con grandes<\/p>\n","protected":false},"featured_media":6505,"template":"","meta":[],"product_brand":[],"product_cat":[265],"product_tag":[397],"class_list":{"0":"post-6509","1":"product","2":"type-product","3":"status-publish","4":"has-post-thumbnail","6":"product_cat-fijaciones-vidrio","7":"product_tag-vidrio-inoxidable-pano-fijo-cristal-templado-baranda-balcon-piletas","9":"first","10":"instock","11":"taxable","12":"shipping-taxable","13":"purchasable","14":"product-type-simple"},"yoast_head":"<!-- This site is optimized with the Yoast SEO plugin v27.3 - https:\/\/yoast.com\/product\/yoast-seo-wordpress\/ -->\n<title>Soporte De Piso De Acero Inoxidable Para Baranda de Vidrio - CALZAVARA<\/title>\n<meta name=\"robots\" content=\"index, follow, max-snippet:-1, max-image-preview:large, max-video-preview:-1\" \/>\n<link rel=\"canonical\" href=\"https:\/\/calzavara.ar\/index.php\/producto\/soporte-de-piso-de-acero-inoxidable-para-baranda-de-vidrio\/\" \/>\n<meta property=\"og:locale\" content=\"es_ES\" \/>\n<meta property=\"og:type\" content=\"article\" \/>\n<meta property=\"og:title\" content=\"Soporte De Piso De Acero Inoxidable Para Baranda de Vidrio - CALZAVARA\" \/>\n<meta property=\"og:description\" content=\"Pata de apoyo de 188 mm de alto para panel de vidrio fijo. Construido \u00edntegramente de acero inoxidable con grandes\" \/>\n<meta property=\"og:url\" content=\"https:\/\/calzavara.ar\/index.php\/producto\/soporte-de-piso-de-acero-inoxidable-para-baranda-de-vidrio\/\" \/>\n<meta property=\"og:site_name\" content=\"CALZAVARA\" \/>\n<meta property=\"article:publisher\" content=\"https:\/\/www.facebook.com\/calzavarasrl\" \/>\n<meta property=\"article:modified_time\" content=\"2026-01-19T11:41:27+00:00\" \/>\n<meta property=\"og:image\" content=\"https:\/\/calzavara.ar\/wp-content\/uploads\/2021\/04\/90484.jpg\" \/>\n\t<meta property=\"og:image:width\" content=\"640\" \/>\n\t<meta property=\"og:image:height\" content=\"480\" \/>\n\t<meta property=\"og:image:type\" content=\"image\/jpeg\" \/>\n<meta name=\"twitter:card\" content=\"summary_large_image\" \/>\n<script type=\"application\/ld+json\" class=\"yoast-schema-graph\">{\"@context\":\"https:\\\/\\\/schema.org\",\"@graph\":[{\"@type\":\"WebPage\",\"@id\":\"https:\\\/\\\/calzavara.ar\\\/index.php\\\/producto\\\/soporte-de-piso-de-acero-inoxidable-para-baranda-de-vidrio\\\/\",\"url\":\"https:\\\/\\\/calzavara.ar\\\/index.php\\\/producto\\\/soporte-de-piso-de-acero-inoxidable-para-baranda-de-vidrio\\\/\",\"name\":\"Soporte De Piso De Acero Inoxidable Para Baranda de Vidrio - CALZAVARA\",\"isPartOf\":{\"@id\":\"https:\\\/\\\/calzavara.ar\\\/#website\"},\"primaryImageOfPage\":{\"@id\":\"https:\\\/\\\/calzavara.ar\\\/index.php\\\/producto\\\/soporte-de-piso-de-acero-inoxidable-para-baranda-de-vidrio\\\/#primaryimage\"},\"image\":{\"@id\":\"https:\\\/\\\/calzavara.ar\\\/index.php\\\/producto\\\/soporte-de-piso-de-acero-inoxidable-para-baranda-de-vidrio\\\/#primaryimage\"},\"thumbnailUrl\":\"https:\\\/\\\/calzavara.ar\\\/wp-content\\\/uploads\\\/2021\\\/04\\\/90484.jpg\",\"datePublished\":\"2021-04-21T19:03:13+00:00\",\"dateModified\":\"2026-01-19T11:41:27+00:00\",\"breadcrumb\":{\"@id\":\"https:\\\/\\\/calzavara.ar\\\/index.php\\\/producto\\\/soporte-de-piso-de-acero-inoxidable-para-baranda-de-vidrio\\\/#breadcrumb\"},\"inLanguage\":\"es\",\"potentialAction\":[{\"@type\":\"ReadAction\",\"target\":[\"https:\\\/\\\/calzavara.ar\\\/index.php\\\/producto\\\/soporte-de-piso-de-acero-inoxidable-para-baranda-de-vidrio\\\/\"]}]},{\"@type\":\"ImageObject\",\"inLanguage\":\"es\",\"@id\":\"https:\\\/\\\/calzavara.ar\\\/index.php\\\/producto\\\/soporte-de-piso-de-acero-inoxidable-para-baranda-de-vidrio\\\/#primaryimage\",\"url\":\"https:\\\/\\\/calzavara.ar\\\/wp-content\\\/uploads\\\/2021\\\/04\\\/90484.jpg\",\"contentUrl\":\"https:\\\/\\\/calzavara.ar\\\/wp-content\\\/uploads\\\/2021\\\/04\\\/90484.jpg\",\"width\":640,\"height\":480},{\"@type\":\"BreadcrumbList\",\"@id\":\"https:\\\/\\\/calzavara.ar\\\/index.php\\\/producto\\\/soporte-de-piso-de-acero-inoxidable-para-baranda-de-vidrio\\\/#breadcrumb\",\"itemListElement\":[{\"@type\":\"ListItem\",\"position\":1,\"name\":\"Portada\",\"item\":\"https:\\\/\\\/calzavara.ar\\\/\"},{\"@type\":\"ListItem\",\"position\":2,\"name\":\"Tienda\",\"item\":\"https:\\\/\\\/calzavara.ar\\\/index.php\\\/tienda\\\/\"},{\"@type\":\"ListItem\",\"position\":3,\"name\":\"Soporte De Piso De Acero Inoxidable Para Baranda de Vidrio\"}]},{\"@type\":\"WebSite\",\"@id\":\"https:\\\/\\\/calzavara.ar\\\/#website\",\"url\":\"https:\\\/\\\/calzavara.ar\\\/\",\"name\":\"CALZAVARA\",\"description\":\"Tienda Oficial CALZAVARA\",\"publisher\":{\"@id\":\"https:\\\/\\\/calzavara.ar\\\/#organization\"},\"potentialAction\":[{\"@type\":\"SearchAction\",\"target\":{\"@type\":\"EntryPoint\",\"urlTemplate\":\"https:\\\/\\\/calzavara.ar\\\/?s={search_term_string}\"},\"query-input\":{\"@type\":\"PropertyValueSpecification\",\"valueRequired\":true,\"valueName\":\"search_term_string\"}}],\"inLanguage\":\"es\"},{\"@type\":\"Organization\",\"@id\":\"https:\\\/\\\/calzavara.ar\\\/#organization\",\"name\":\"CALZAVARA\",\"url\":\"https:\\\/\\\/calzavara.ar\\\/\",\"logo\":{\"@type\":\"ImageObject\",\"inLanguage\":\"es\",\"@id\":\"https:\\\/\\\/calzavara.ar\\\/#\\\/schema\\\/logo\\\/image\\\/\",\"url\":\"https:\\\/\\\/calzavara.ar\\\/wp-content\\\/uploads\\\/2025\\\/05\\\/CalzaLogoRedes.jpg\",\"contentUrl\":\"https:\\\/\\\/calzavara.ar\\\/wp-content\\\/uploads\\\/2025\\\/05\\\/CalzaLogoRedes.jpg\",\"width\":640,\"height\":640,\"caption\":\"CALZAVARA\"},\"image\":{\"@id\":\"https:\\\/\\\/calzavara.ar\\\/#\\\/schema\\\/logo\\\/image\\\/\"},\"sameAs\":[\"https:\\\/\\\/www.facebook.com\\\/calzavarasrl\",\"https:\\\/\\\/www.instagram.com\\\/calzavara_herrajes\",\"https:\\\/\\\/www.linkedin.com\\\/company\\\/calzavara\\\/\",\"https:\\\/\\\/www.youtube.com\\\/@calzavara3279\"]}]}<\/script>\n<!-- \/ Yoast SEO plugin. -->","yoast_head_json":{"title":"Soporte De Piso De Acero Inoxidable Para Baranda de Vidrio - CALZAVARA","robots":{"index":"index","follow":"follow","max-snippet":"max-snippet:-1","max-image-preview":"max-image-preview:large","max-video-preview":"max-video-preview:-1"},"canonical":"https:\/\/calzavara.ar\/index.php\/producto\/soporte-de-piso-de-acero-inoxidable-para-baranda-de-vidrio\/","og_locale":"es_ES","og_type":"article","og_title":"Soporte De Piso De Acero Inoxidable Para Baranda de Vidrio - CALZAVARA","og_description":"Pata de apoyo de 188 mm de alto para panel de vidrio fijo. Construido \u00edntegramente de acero inoxidable con grandes","og_url":"https:\/\/calzavara.ar\/index.php\/producto\/soporte-de-piso-de-acero-inoxidable-para-baranda-de-vidrio\/","og_site_name":"CALZAVARA","article_publisher":"https:\/\/www.facebook.com\/calzavarasrl","article_modified_time":"2026-01-19T11:41:27+00:00","og_image":[{"width":640,"height":480,"url":"https:\/\/calzavara.ar\/wp-content\/uploads\/2021\/04\/90484.jpg","type":"image\/jpeg"}],"twitter_card":"summary_large_image","schema":{"@context":"https:\/\/schema.org","@graph":[{"@type":"WebPage","@id":"https:\/\/calzavara.ar\/index.php\/producto\/soporte-de-piso-de-acero-inoxidable-para-baranda-de-vidrio\/","url":"https:\/\/calzavara.ar\/index.php\/producto\/soporte-de-piso-de-acero-inoxidable-para-baranda-de-vidrio\/","name":"Soporte De Piso De Acero Inoxidable Para Baranda de Vidrio - CALZAVARA","isPartOf":{"@id":"https:\/\/calzavara.ar\/#website"},"primaryImageOfPage":{"@id":"https:\/\/calzavara.ar\/index.php\/producto\/soporte-de-piso-de-acero-inoxidable-para-baranda-de-vidrio\/#primaryimage"},"image":{"@id":"https:\/\/calzavara.ar\/index.php\/producto\/soporte-de-piso-de-acero-inoxidable-para-baranda-de-vidrio\/#primaryimage"},"thumbnailUrl":"https:\/\/calzavara.ar\/wp-content\/uploads\/2021\/04\/90484.jpg","datePublished":"2021-04-21T19:03:13+00:00","dateModified":"2026-01-19T11:41:27+00:00","breadcrumb":{"@id":"https:\/\/calzavara.ar\/index.php\/producto\/soporte-de-piso-de-acero-inoxidable-para-baranda-de-vidrio\/#breadcrumb"},"inLanguage":"es","potentialAction":[{"@type":"ReadAction","target":["https:\/\/calzavara.ar\/index.php\/producto\/soporte-de-piso-de-acero-inoxidable-para-baranda-de-vidrio\/"]}]},{"@type":"ImageObject","inLanguage":"es","@id":"https:\/\/calzavara.ar\/index.php\/producto\/soporte-de-piso-de-acero-inoxidable-para-baranda-de-vidrio\/#primaryimage","url":"https:\/\/calzavara.ar\/wp-content\/uploads\/2021\/04\/90484.jpg","contentUrl":"https:\/\/calzavara.ar\/wp-content\/uploads\/2021\/04\/90484.jpg","width":640,"height":480},{"@type":"BreadcrumbList","@id":"https:\/\/calzavara.ar\/index.php\/producto\/soporte-de-piso-de-acero-inoxidable-para-baranda-de-vidrio\/#breadcrumb","itemListElement":[{"@type":"ListItem","position":1,"name":"Portada","item":"https:\/\/calzavara.ar\/"},{"@type":"ListItem","position":2,"name":"Tienda","item":"https:\/\/calzavara.ar\/index.php\/tienda\/"},{"@type":"ListItem","position":3,"name":"Soporte De Piso De Acero Inoxidable Para Baranda de Vidrio"}]},{"@type":"WebSite","@id":"https:\/\/calzavara.ar\/#website","url":"https:\/\/calzavara.ar\/","name":"CALZAVARA","description":"Tienda Oficial CALZAVARA","publisher":{"@id":"https:\/\/calzavara.ar\/#organization"},"potentialAction":[{"@type":"SearchAction","target":{"@type":"EntryPoint","urlTemplate":"https:\/\/calzavara.ar\/?s={search_term_string}"},"query-input":{"@type":"PropertyValueSpecification","valueRequired":true,"valueName":"search_term_string"}}],"inLanguage":"es"},{"@type":"Organization","@id":"https:\/\/calzavara.ar\/#organization","name":"CALZAVARA","url":"https:\/\/calzavara.ar\/","logo":{"@type":"ImageObject","inLanguage":"es","@id":"https:\/\/calzavara.ar\/#\/schema\/logo\/image\/","url":"https:\/\/calzavara.ar\/wp-content\/uploads\/2025\/05\/CalzaLogoRedes.jpg","contentUrl":"https:\/\/calzavara.ar\/wp-content\/uploads\/2025\/05\/CalzaLogoRedes.jpg","width":640,"height":640,"caption":"CALZAVARA"},"image":{"@id":"https:\/\/calzavara.ar\/#\/schema\/logo\/image\/"},"sameAs":["https:\/\/www.facebook.com\/calzavarasrl","https:\/\/www.instagram.com\/calzavara_herrajes","https:\/\/www.linkedin.com\/company\/calzavara\/","https:\/\/www.youtube.com\/@calzavara3279"]}]}},"jetpack_sharing_enabled":true,"_links":{"self":[{"href":"https:\/\/calzavara.ar\/index.php\/wp-json\/wp\/v2\/product\/6509","targetHints":{"allow":["GET"]}}],"collection":[{"href":"https:\/\/calzavara.ar\/index.php\/wp-json\/wp\/v2\/product"}],"about":[{"href":"https:\/\/calzavara.ar\/index.php\/wp-json\/wp\/v2\/types\/product"}],"wp:featuredmedia":[{"embeddable":true,"href":"https:\/\/calzavara.ar\/index.php\/wp-json\/wp\/v2\/media\/6505"}],"wp:attachment":[{"href":"https:\/\/calzavara.ar\/index.php\/wp-json\/wp\/v2\/media?parent=6509"}],"wp:term":[{"taxonomy":"product_brand","embeddable":true,"href":"https:\/\/calzavara.ar\/index.php\/wp-json\/wp\/v2\/product_brand?post=6509"},{"taxonomy":"product_cat","embeddable":true,"href":"https:\/\/calzavara.ar\/index.php\/wp-json\/wp\/v2\/product_cat?post=6509"},{"taxonomy":"product_tag","embeddable":true,"href":"https:\/\/calzavara.ar\/index.php\/wp-json\/wp\/v2\/product_tag?post=6509"}],"curies":[{"name":"wp","href":"https:\/\/api.w.org\/{rel}","templated":true}]}}