{"id":6468,"date":"2021-04-21T16:02:35","date_gmt":"2021-04-21T19:02:35","guid":{"rendered":"https:\/\/calzavara.ar\/index.php\/producto\/manija-zamak-z108-con-bocallave-intercambiable\/"},"modified":"2026-01-19T08:41:27","modified_gmt":"2026-01-19T11:41:27","slug":"manija-zamak-z108-con-bocallave-intercambiable","status":"publish","type":"product","link":"https:\/\/calzavara.ar\/index.php\/producto\/manija-zamak-z108-con-bocallave-intercambiable\/","title":{"rendered":"Manija Zamak Z108 Con Bocallave Intercambiable"},"content":{"rendered":"<p>FABRICACI\u00d3N SUPERIOR &#8211; Las manijas QBO con los mas altos est\u00e1ndares de fabricaci\u00f3n. Fabricadas en Zamak, no se oxidan con el contacto con el agua y con elevada resistencia mec\u00e1nica.<br \/>\nCuentan con un interesante dise\u00f1o en sus bocallaves que sirven para llaves doble paleta (vertical u horizontal), como para bocallaves tipo Euro (perita). Con esta manija, no se tiene que preocupar por que cerradura o llave va a colocar, solo tiene que cambiar el bocallave!!<\/p>\n<p>DISE\u00d1O MINIMALISTA MODERNO \u2013 Estas manijas cuentan con un dise\u00f1o simple y moderno conveniente para cualquier estilo de puertas interiores o de exteriores<\/p>\n<p>UTILIZACI\u00d3N VERS\u00c1TIL \u2013 La concepci\u00f3n de nuestras manijas se ajusta sin problemas al estilo y el modelo de su puerta. Puede instalar este set de manijas para su ba\u00f1o, dormitorio o sala de estar\u2026<br \/>\nI<br \/>\nNSTALACI\u00d3N SENCILLA &#8211; Nuestro proceso de instalaci\u00f3n le permite armar las manijas sin complicaci\u00f3n. Una vez que estas manijas lleguen en su casa, solo le tomar\u00e1 unos minutos configurarlas en su puerta.<\/p>\n<p>Incluye:<br \/>\n2 manijas (doble balanc\u00edn)<br \/>\n2 bocallaves Tipo Perita<br \/>\n2 Bocallaves Euro (tipo perita)<br \/>\nTornillos de fijaci\u00f3n para manijas y bocallaves<br \/>\nPrisioneros de 100 mm, para espesores de puerta de hasta 70 mm.<br \/>\nV\u00e1stago<br \/>\nLlave Alen para fijaci\u00f3n de prisioneros.<\/p>\n","protected":false},"excerpt":{"rendered":"<p>FABRICACI\u00d3N SUPERIOR &#8211; Las manijas QBO con los mas altos est\u00e1ndares de fabricaci\u00f3n. Fabricadas en Zamak, no se oxidan con<\/p>\n","protected":false},"featured_media":6463,"template":"","meta":[],"product_brand":[],"product_cat":[92,728],"product_tag":[373],"class_list":{"0":"post-6468","1":"product","2":"type-product","3":"status-publish","4":"has-post-thumbnail","6":"product_cat-manijasmanijones","7":"product_cat-qbo","8":"product_tag-manija-manijon-bocallave-intercambiable-inoxidable","10":"first","11":"outofstock","12":"taxable","13":"shipping-taxable","14":"product-type-simple"},"yoast_head":"<!-- This site is optimized with the Yoast SEO plugin v27.3 - https:\/\/yoast.com\/product\/yoast-seo-wordpress\/ -->\n<title>Manija Zamak Z108 Con Bocallave Intercambiable - CALZAVARA<\/title>\n<meta name=\"robots\" content=\"index, follow, max-snippet:-1, max-image-preview:large, max-video-preview:-1\" \/>\n<link rel=\"canonical\" href=\"https:\/\/calzavara.ar\/index.php\/producto\/manija-zamak-z108-con-bocallave-intercambiable\/\" \/>\n<meta property=\"og:locale\" content=\"es_ES\" \/>\n<meta property=\"og:type\" content=\"article\" \/>\n<meta property=\"og:title\" content=\"Manija Zamak Z108 Con Bocallave Intercambiable - CALZAVARA\" \/>\n<meta property=\"og:description\" content=\"FABRICACI\u00d3N SUPERIOR &#8211; Las manijas QBO con los mas altos est\u00e1ndares de fabricaci\u00f3n. Fabricadas en Zamak, no se oxidan con\" \/>\n<meta property=\"og:url\" content=\"https:\/\/calzavara.ar\/index.php\/producto\/manija-zamak-z108-con-bocallave-intercambiable\/\" \/>\n<meta property=\"og:site_name\" content=\"CALZAVARA\" \/>\n<meta property=\"article:publisher\" content=\"https:\/\/www.facebook.com\/calzavarasrl\" \/>\n<meta property=\"article:modified_time\" content=\"2026-01-19T11:41:27+00:00\" \/>\n<meta property=\"og:image\" content=\"https:\/\/calzavara.ar\/wp-content\/uploads\/2021\/04\/90242.jpg\" \/>\n\t<meta property=\"og:image:width\" content=\"740\" \/>\n\t<meta property=\"og:image:height\" content=\"488\" \/>\n\t<meta property=\"og:image:type\" content=\"image\/jpeg\" \/>\n<meta name=\"twitter:card\" content=\"summary_large_image\" \/>\n<meta name=\"twitter:label1\" content=\"Tiempo de lectura\" \/>\n\t<meta name=\"twitter:data1\" content=\"1 minuto\" \/>\n<script type=\"application\/ld+json\" class=\"yoast-schema-graph\">{\"@context\":\"https:\\\/\\\/schema.org\",\"@graph\":[{\"@type\":\"WebPage\",\"@id\":\"https:\\\/\\\/calzavara.ar\\\/index.php\\\/producto\\\/manija-zamak-z108-con-bocallave-intercambiable\\\/\",\"url\":\"https:\\\/\\\/calzavara.ar\\\/index.php\\\/producto\\\/manija-zamak-z108-con-bocallave-intercambiable\\\/\",\"name\":\"Manija Zamak Z108 Con Bocallave Intercambiable - CALZAVARA\",\"isPartOf\":{\"@id\":\"https:\\\/\\\/calzavara.ar\\\/#website\"},\"primaryImageOfPage\":{\"@id\":\"https:\\\/\\\/calzavara.ar\\\/index.php\\\/producto\\\/manija-zamak-z108-con-bocallave-intercambiable\\\/#primaryimage\"},\"image\":{\"@id\":\"https:\\\/\\\/calzavara.ar\\\/index.php\\\/producto\\\/manija-zamak-z108-con-bocallave-intercambiable\\\/#primaryimage\"},\"thumbnailUrl\":\"https:\\\/\\\/calzavara.ar\\\/wp-content\\\/uploads\\\/2021\\\/04\\\/90242.jpg\",\"datePublished\":\"2021-04-21T19:02:35+00:00\",\"dateModified\":\"2026-01-19T11:41:27+00:00\",\"breadcrumb\":{\"@id\":\"https:\\\/\\\/calzavara.ar\\\/index.php\\\/producto\\\/manija-zamak-z108-con-bocallave-intercambiable\\\/#breadcrumb\"},\"inLanguage\":\"es\",\"potentialAction\":[{\"@type\":\"ReadAction\",\"target\":[\"https:\\\/\\\/calzavara.ar\\\/index.php\\\/producto\\\/manija-zamak-z108-con-bocallave-intercambiable\\\/\"]}]},{\"@type\":\"ImageObject\",\"inLanguage\":\"es\",\"@id\":\"https:\\\/\\\/calzavara.ar\\\/index.php\\\/producto\\\/manija-zamak-z108-con-bocallave-intercambiable\\\/#primaryimage\",\"url\":\"https:\\\/\\\/calzavara.ar\\\/wp-content\\\/uploads\\\/2021\\\/04\\\/90242.jpg\",\"contentUrl\":\"https:\\\/\\\/calzavara.ar\\\/wp-content\\\/uploads\\\/2021\\\/04\\\/90242.jpg\",\"width\":740,\"height\":488},{\"@type\":\"BreadcrumbList\",\"@id\":\"https:\\\/\\\/calzavara.ar\\\/index.php\\\/producto\\\/manija-zamak-z108-con-bocallave-intercambiable\\\/#breadcrumb\",\"itemListElement\":[{\"@type\":\"ListItem\",\"position\":1,\"name\":\"Portada\",\"item\":\"https:\\\/\\\/calzavara.ar\\\/\"},{\"@type\":\"ListItem\",\"position\":2,\"name\":\"Tienda\",\"item\":\"https:\\\/\\\/calzavara.ar\\\/index.php\\\/tienda\\\/\"},{\"@type\":\"ListItem\",\"position\":3,\"name\":\"Manija Zamak Z108 Con Bocallave Intercambiable\"}]},{\"@type\":\"WebSite\",\"@id\":\"https:\\\/\\\/calzavara.ar\\\/#website\",\"url\":\"https:\\\/\\\/calzavara.ar\\\/\",\"name\":\"CALZAVARA\",\"description\":\"Tienda Oficial CALZAVARA\",\"publisher\":{\"@id\":\"https:\\\/\\\/calzavara.ar\\\/#organization\"},\"potentialAction\":[{\"@type\":\"SearchAction\",\"target\":{\"@type\":\"EntryPoint\",\"urlTemplate\":\"https:\\\/\\\/calzavara.ar\\\/?s={search_term_string}\"},\"query-input\":{\"@type\":\"PropertyValueSpecification\",\"valueRequired\":true,\"valueName\":\"search_term_string\"}}],\"inLanguage\":\"es\"},{\"@type\":\"Organization\",\"@id\":\"https:\\\/\\\/calzavara.ar\\\/#organization\",\"name\":\"CALZAVARA\",\"url\":\"https:\\\/\\\/calzavara.ar\\\/\",\"logo\":{\"@type\":\"ImageObject\",\"inLanguage\":\"es\",\"@id\":\"https:\\\/\\\/calzavara.ar\\\/#\\\/schema\\\/logo\\\/image\\\/\",\"url\":\"https:\\\/\\\/calzavara.ar\\\/wp-content\\\/uploads\\\/2025\\\/05\\\/CalzaLogoRedes.jpg\",\"contentUrl\":\"https:\\\/\\\/calzavara.ar\\\/wp-content\\\/uploads\\\/2025\\\/05\\\/CalzaLogoRedes.jpg\",\"width\":640,\"height\":640,\"caption\":\"CALZAVARA\"},\"image\":{\"@id\":\"https:\\\/\\\/calzavara.ar\\\/#\\\/schema\\\/logo\\\/image\\\/\"},\"sameAs\":[\"https:\\\/\\\/www.facebook.com\\\/calzavarasrl\",\"https:\\\/\\\/www.instagram.com\\\/calzavara_herrajes\",\"https:\\\/\\\/www.linkedin.com\\\/company\\\/calzavara\\\/\",\"https:\\\/\\\/www.youtube.com\\\/@calzavara3279\"]}]}<\/script>\n<!-- \/ Yoast SEO plugin. -->","yoast_head_json":{"title":"Manija Zamak Z108 Con Bocallave Intercambiable - CALZAVARA","robots":{"index":"index","follow":"follow","max-snippet":"max-snippet:-1","max-image-preview":"max-image-preview:large","max-video-preview":"max-video-preview:-1"},"canonical":"https:\/\/calzavara.ar\/index.php\/producto\/manija-zamak-z108-con-bocallave-intercambiable\/","og_locale":"es_ES","og_type":"article","og_title":"Manija Zamak Z108 Con Bocallave Intercambiable - CALZAVARA","og_description":"FABRICACI\u00d3N SUPERIOR &#8211; Las manijas QBO con los mas altos est\u00e1ndares de fabricaci\u00f3n. Fabricadas en Zamak, no se oxidan con","og_url":"https:\/\/calzavara.ar\/index.php\/producto\/manija-zamak-z108-con-bocallave-intercambiable\/","og_site_name":"CALZAVARA","article_publisher":"https:\/\/www.facebook.com\/calzavarasrl","article_modified_time":"2026-01-19T11:41:27+00:00","og_image":[{"width":740,"height":488,"url":"https:\/\/calzavara.ar\/wp-content\/uploads\/2021\/04\/90242.jpg","type":"image\/jpeg"}],"twitter_card":"summary_large_image","twitter_misc":{"Tiempo de lectura":"1 minuto"},"schema":{"@context":"https:\/\/schema.org","@graph":[{"@type":"WebPage","@id":"https:\/\/calzavara.ar\/index.php\/producto\/manija-zamak-z108-con-bocallave-intercambiable\/","url":"https:\/\/calzavara.ar\/index.php\/producto\/manija-zamak-z108-con-bocallave-intercambiable\/","name":"Manija Zamak Z108 Con Bocallave Intercambiable - CALZAVARA","isPartOf":{"@id":"https:\/\/calzavara.ar\/#website"},"primaryImageOfPage":{"@id":"https:\/\/calzavara.ar\/index.php\/producto\/manija-zamak-z108-con-bocallave-intercambiable\/#primaryimage"},"image":{"@id":"https:\/\/calzavara.ar\/index.php\/producto\/manija-zamak-z108-con-bocallave-intercambiable\/#primaryimage"},"thumbnailUrl":"https:\/\/calzavara.ar\/wp-content\/uploads\/2021\/04\/90242.jpg","datePublished":"2021-04-21T19:02:35+00:00","dateModified":"2026-01-19T11:41:27+00:00","breadcrumb":{"@id":"https:\/\/calzavara.ar\/index.php\/producto\/manija-zamak-z108-con-bocallave-intercambiable\/#breadcrumb"},"inLanguage":"es","potentialAction":[{"@type":"ReadAction","target":["https:\/\/calzavara.ar\/index.php\/producto\/manija-zamak-z108-con-bocallave-intercambiable\/"]}]},{"@type":"ImageObject","inLanguage":"es","@id":"https:\/\/calzavara.ar\/index.php\/producto\/manija-zamak-z108-con-bocallave-intercambiable\/#primaryimage","url":"https:\/\/calzavara.ar\/wp-content\/uploads\/2021\/04\/90242.jpg","contentUrl":"https:\/\/calzavara.ar\/wp-content\/uploads\/2021\/04\/90242.jpg","width":740,"height":488},{"@type":"BreadcrumbList","@id":"https:\/\/calzavara.ar\/index.php\/producto\/manija-zamak-z108-con-bocallave-intercambiable\/#breadcrumb","itemListElement":[{"@type":"ListItem","position":1,"name":"Portada","item":"https:\/\/calzavara.ar\/"},{"@type":"ListItem","position":2,"name":"Tienda","item":"https:\/\/calzavara.ar\/index.php\/tienda\/"},{"@type":"ListItem","position":3,"name":"Manija Zamak Z108 Con Bocallave Intercambiable"}]},{"@type":"WebSite","@id":"https:\/\/calzavara.ar\/#website","url":"https:\/\/calzavara.ar\/","name":"CALZAVARA","description":"Tienda Oficial CALZAVARA","publisher":{"@id":"https:\/\/calzavara.ar\/#organization"},"potentialAction":[{"@type":"SearchAction","target":{"@type":"EntryPoint","urlTemplate":"https:\/\/calzavara.ar\/?s={search_term_string}"},"query-input":{"@type":"PropertyValueSpecification","valueRequired":true,"valueName":"search_term_string"}}],"inLanguage":"es"},{"@type":"Organization","@id":"https:\/\/calzavara.ar\/#organization","name":"CALZAVARA","url":"https:\/\/calzavara.ar\/","logo":{"@type":"ImageObject","inLanguage":"es","@id":"https:\/\/calzavara.ar\/#\/schema\/logo\/image\/","url":"https:\/\/calzavara.ar\/wp-content\/uploads\/2025\/05\/CalzaLogoRedes.jpg","contentUrl":"https:\/\/calzavara.ar\/wp-content\/uploads\/2025\/05\/CalzaLogoRedes.jpg","width":640,"height":640,"caption":"CALZAVARA"},"image":{"@id":"https:\/\/calzavara.ar\/#\/schema\/logo\/image\/"},"sameAs":["https:\/\/www.facebook.com\/calzavarasrl","https:\/\/www.instagram.com\/calzavara_herrajes","https:\/\/www.linkedin.com\/company\/calzavara\/","https:\/\/www.youtube.com\/@calzavara3279"]}]}},"jetpack_sharing_enabled":true,"_links":{"self":[{"href":"https:\/\/calzavara.ar\/index.php\/wp-json\/wp\/v2\/product\/6468","targetHints":{"allow":["GET"]}}],"collection":[{"href":"https:\/\/calzavara.ar\/index.php\/wp-json\/wp\/v2\/product"}],"about":[{"href":"https:\/\/calzavara.ar\/index.php\/wp-json\/wp\/v2\/types\/product"}],"wp:featuredmedia":[{"embeddable":true,"href":"https:\/\/calzavara.ar\/index.php\/wp-json\/wp\/v2\/media\/6463"}],"wp:attachment":[{"href":"https:\/\/calzavara.ar\/index.php\/wp-json\/wp\/v2\/media?parent=6468"}],"wp:term":[{"taxonomy":"product_brand","embeddable":true,"href":"https:\/\/calzavara.ar\/index.php\/wp-json\/wp\/v2\/product_brand?post=6468"},{"taxonomy":"product_cat","embeddable":true,"href":"https:\/\/calzavara.ar\/index.php\/wp-json\/wp\/v2\/product_cat?post=6468"},{"taxonomy":"product_tag","embeddable":true,"href":"https:\/\/calzavara.ar\/index.php\/wp-json\/wp\/v2\/product_tag?post=6468"}],"curies":[{"name":"wp","href":"https:\/\/api.w.org\/{rel}","templated":true}]}}