{"id":16518,"date":"2025-12-09T08:28:11","date_gmt":"2025-12-09T11:28:11","guid":{"rendered":"https:\/\/calzavara.ar\/?post_type=product&#038;p=16518"},"modified":"2026-01-19T08:44:29","modified_gmt":"2026-01-19T11:44:29","slug":"soporte-para-monitor-13-32-con-brazo-neumatico-para-escritorio","status":"publish","type":"product","link":"https:\/\/calzavara.ar\/index.php\/producto\/soporte-para-monitor-13-32-con-brazo-neumatico-para-escritorio\/","title":{"rendered":"Soporte Para Monitor 13&#8243; &#8211; 27&#8243; Con  Brazo Neumatico  Escritorio"},"content":{"rendered":"<p>Soporte universal para monitor para televisores y monitores de PC. Adecuado para monitores con diagonal de pantalla de 17 pulgadas a 27 pulgadas<br \/>\nMuelle de gas para alturas continuas con bloqueo de altura. \u00c1ngulo de inclinaci\u00f3n: \u00b1 35\u00b0 grados. \u00c1ngulo de rotaci\u00f3n: \u00b1 180\u00b0<br \/>\nGu\u00eda de cables para m\u00e1s orden en la mesa. F\u00e1cil de instalar sin taladrar. Fijaci\u00f3n mediante abrazadera de mesa<br \/>\nCompatible con VESA est\u00e1ndar: 75 x 75, 100 x 100. Carga m\u00e1xima de hasta 17.6 lbs. Incluye accesorios de montaje e instrucciones (idioma ingl\u00e9s no garantizado)<br \/>\nBuena soluci\u00f3n para m\u00e1s espacio y orden en el escritorio. Muy alta calidad y recubrimiento en polvo<\/p>\n<p>Peso m\u00e1ximo: 7kgs Peso m\u00ednimo: 2kgs<\/p>\n","protected":false},"excerpt":{"rendered":"<p>Soeporte compatible con monitores de 13&#8243; a 32&#8243;<\/p>\n<p>Medidas\u00a0 VESA est\u00e1ndar: 75 x 75, 100 x 100<\/p>\n","protected":false},"featured_media":16531,"template":"","meta":[],"product_brand":[],"product_cat":[100,728,15],"product_tag":[],"class_list":{"0":"post-16518","1":"product","2":"type-product","3":"status-publish","4":"has-post-thumbnail","6":"product_cat-accesorios-oficina","7":"product_cat-qbo","8":"product_cat-sin-categorizar","10":"first","11":"instock","12":"taxable","13":"shipping-taxable","14":"purchasable","15":"product-type-simple"},"yoast_head":"<!-- This site is optimized with the Yoast SEO plugin v27.3 - https:\/\/yoast.com\/product\/yoast-seo-wordpress\/ -->\n<title>Soporte Para Monitor 13&quot; - 27&quot; Con Brazo Neumatico Escritorio - CALZAVARA<\/title>\n<meta name=\"robots\" content=\"index, follow, max-snippet:-1, max-image-preview:large, max-video-preview:-1\" \/>\n<link rel=\"canonical\" href=\"https:\/\/calzavara.ar\/index.php\/producto\/soporte-para-monitor-13-32-con-brazo-neumatico-para-escritorio\/\" \/>\n<meta property=\"og:locale\" content=\"es_ES\" \/>\n<meta property=\"og:type\" content=\"article\" \/>\n<meta property=\"og:title\" content=\"Soporte Para Monitor 13&quot; - 27&quot; Con Brazo Neumatico Escritorio - CALZAVARA\" \/>\n<meta property=\"og:description\" content=\"Soeporte compatible con monitores de 13&quot; a 32&quot;  Medidas\u00a0 VESA est\u00e1ndar: 75 x 75, 100 x 100\" \/>\n<meta property=\"og:url\" content=\"https:\/\/calzavara.ar\/index.php\/producto\/soporte-para-monitor-13-32-con-brazo-neumatico-para-escritorio\/\" \/>\n<meta property=\"og:site_name\" content=\"CALZAVARA\" \/>\n<meta property=\"article:publisher\" content=\"https:\/\/www.facebook.com\/calzavarasrl\" \/>\n<meta property=\"article:modified_time\" content=\"2026-01-19T11:44:29+00:00\" \/>\n<meta property=\"og:image\" content=\"https:\/\/calzavara.ar\/wp-content\/uploads\/2025\/12\/90205-soporte-neumatico.webp\" \/>\n\t<meta property=\"og:image:width\" content=\"699\" \/>\n\t<meta property=\"og:image:height\" content=\"969\" \/>\n\t<meta property=\"og:image:type\" content=\"image\/webp\" \/>\n<meta name=\"twitter:card\" content=\"summary_large_image\" \/>\n<meta name=\"twitter:label1\" content=\"Tiempo de lectura\" \/>\n\t<meta name=\"twitter:data1\" content=\"1 minuto\" \/>\n<script type=\"application\/ld+json\" class=\"yoast-schema-graph\">{\"@context\":\"https:\\\/\\\/schema.org\",\"@graph\":[{\"@type\":\"WebPage\",\"@id\":\"https:\\\/\\\/calzavara.ar\\\/index.php\\\/producto\\\/soporte-para-monitor-13-32-con-brazo-neumatico-para-escritorio\\\/\",\"url\":\"https:\\\/\\\/calzavara.ar\\\/index.php\\\/producto\\\/soporte-para-monitor-13-32-con-brazo-neumatico-para-escritorio\\\/\",\"name\":\"Soporte Para Monitor 13\\\" - 27\\\" Con Brazo Neumatico Escritorio - CALZAVARA\",\"isPartOf\":{\"@id\":\"https:\\\/\\\/calzavara.ar\\\/#website\"},\"primaryImageOfPage\":{\"@id\":\"https:\\\/\\\/calzavara.ar\\\/index.php\\\/producto\\\/soporte-para-monitor-13-32-con-brazo-neumatico-para-escritorio\\\/#primaryimage\"},\"image\":{\"@id\":\"https:\\\/\\\/calzavara.ar\\\/index.php\\\/producto\\\/soporte-para-monitor-13-32-con-brazo-neumatico-para-escritorio\\\/#primaryimage\"},\"thumbnailUrl\":\"https:\\\/\\\/calzavara.ar\\\/wp-content\\\/uploads\\\/2025\\\/12\\\/90205-soporte-neumatico.webp\",\"datePublished\":\"2025-12-09T11:28:11+00:00\",\"dateModified\":\"2026-01-19T11:44:29+00:00\",\"breadcrumb\":{\"@id\":\"https:\\\/\\\/calzavara.ar\\\/index.php\\\/producto\\\/soporte-para-monitor-13-32-con-brazo-neumatico-para-escritorio\\\/#breadcrumb\"},\"inLanguage\":\"es\",\"potentialAction\":[{\"@type\":\"ReadAction\",\"target\":[\"https:\\\/\\\/calzavara.ar\\\/index.php\\\/producto\\\/soporte-para-monitor-13-32-con-brazo-neumatico-para-escritorio\\\/\"]}]},{\"@type\":\"ImageObject\",\"inLanguage\":\"es\",\"@id\":\"https:\\\/\\\/calzavara.ar\\\/index.php\\\/producto\\\/soporte-para-monitor-13-32-con-brazo-neumatico-para-escritorio\\\/#primaryimage\",\"url\":\"https:\\\/\\\/calzavara.ar\\\/wp-content\\\/uploads\\\/2025\\\/12\\\/90205-soporte-neumatico.webp\",\"contentUrl\":\"https:\\\/\\\/calzavara.ar\\\/wp-content\\\/uploads\\\/2025\\\/12\\\/90205-soporte-neumatico.webp\",\"width\":699,\"height\":969},{\"@type\":\"BreadcrumbList\",\"@id\":\"https:\\\/\\\/calzavara.ar\\\/index.php\\\/producto\\\/soporte-para-monitor-13-32-con-brazo-neumatico-para-escritorio\\\/#breadcrumb\",\"itemListElement\":[{\"@type\":\"ListItem\",\"position\":1,\"name\":\"Portada\",\"item\":\"https:\\\/\\\/calzavara.ar\\\/\"},{\"@type\":\"ListItem\",\"position\":2,\"name\":\"Tienda\",\"item\":\"https:\\\/\\\/calzavara.ar\\\/index.php\\\/tienda\\\/\"},{\"@type\":\"ListItem\",\"position\":3,\"name\":\"Soporte Para Monitor 13&#8243; &#8211; 27&#8243; Con Brazo Neumatico Escritorio\"}]},{\"@type\":\"WebSite\",\"@id\":\"https:\\\/\\\/calzavara.ar\\\/#website\",\"url\":\"https:\\\/\\\/calzavara.ar\\\/\",\"name\":\"CALZAVARA\",\"description\":\"Tienda Oficial CALZAVARA\",\"publisher\":{\"@id\":\"https:\\\/\\\/calzavara.ar\\\/#organization\"},\"potentialAction\":[{\"@type\":\"SearchAction\",\"target\":{\"@type\":\"EntryPoint\",\"urlTemplate\":\"https:\\\/\\\/calzavara.ar\\\/?s={search_term_string}\"},\"query-input\":{\"@type\":\"PropertyValueSpecification\",\"valueRequired\":true,\"valueName\":\"search_term_string\"}}],\"inLanguage\":\"es\"},{\"@type\":\"Organization\",\"@id\":\"https:\\\/\\\/calzavara.ar\\\/#organization\",\"name\":\"CALZAVARA\",\"url\":\"https:\\\/\\\/calzavara.ar\\\/\",\"logo\":{\"@type\":\"ImageObject\",\"inLanguage\":\"es\",\"@id\":\"https:\\\/\\\/calzavara.ar\\\/#\\\/schema\\\/logo\\\/image\\\/\",\"url\":\"https:\\\/\\\/calzavara.ar\\\/wp-content\\\/uploads\\\/2025\\\/05\\\/CalzaLogoRedes.jpg\",\"contentUrl\":\"https:\\\/\\\/calzavara.ar\\\/wp-content\\\/uploads\\\/2025\\\/05\\\/CalzaLogoRedes.jpg\",\"width\":640,\"height\":640,\"caption\":\"CALZAVARA\"},\"image\":{\"@id\":\"https:\\\/\\\/calzavara.ar\\\/#\\\/schema\\\/logo\\\/image\\\/\"},\"sameAs\":[\"https:\\\/\\\/www.facebook.com\\\/calzavarasrl\",\"https:\\\/\\\/www.instagram.com\\\/calzavara_herrajes\",\"https:\\\/\\\/www.linkedin.com\\\/company\\\/calzavara\\\/\",\"https:\\\/\\\/www.youtube.com\\\/@calzavara3279\"]}]}<\/script>\n<!-- \/ Yoast SEO plugin. -->","yoast_head_json":{"title":"Soporte Para Monitor 13\" - 27\" Con Brazo Neumatico Escritorio - CALZAVARA","robots":{"index":"index","follow":"follow","max-snippet":"max-snippet:-1","max-image-preview":"max-image-preview:large","max-video-preview":"max-video-preview:-1"},"canonical":"https:\/\/calzavara.ar\/index.php\/producto\/soporte-para-monitor-13-32-con-brazo-neumatico-para-escritorio\/","og_locale":"es_ES","og_type":"article","og_title":"Soporte Para Monitor 13\" - 27\" Con Brazo Neumatico Escritorio - CALZAVARA","og_description":"Soeporte compatible con monitores de 13\" a 32\"  Medidas\u00a0 VESA est\u00e1ndar: 75 x 75, 100 x 100","og_url":"https:\/\/calzavara.ar\/index.php\/producto\/soporte-para-monitor-13-32-con-brazo-neumatico-para-escritorio\/","og_site_name":"CALZAVARA","article_publisher":"https:\/\/www.facebook.com\/calzavarasrl","article_modified_time":"2026-01-19T11:44:29+00:00","og_image":[{"width":699,"height":969,"url":"https:\/\/calzavara.ar\/wp-content\/uploads\/2025\/12\/90205-soporte-neumatico.webp","type":"image\/webp"}],"twitter_card":"summary_large_image","twitter_misc":{"Tiempo de lectura":"1 minuto"},"schema":{"@context":"https:\/\/schema.org","@graph":[{"@type":"WebPage","@id":"https:\/\/calzavara.ar\/index.php\/producto\/soporte-para-monitor-13-32-con-brazo-neumatico-para-escritorio\/","url":"https:\/\/calzavara.ar\/index.php\/producto\/soporte-para-monitor-13-32-con-brazo-neumatico-para-escritorio\/","name":"Soporte Para Monitor 13\" - 27\" Con Brazo Neumatico Escritorio - CALZAVARA","isPartOf":{"@id":"https:\/\/calzavara.ar\/#website"},"primaryImageOfPage":{"@id":"https:\/\/calzavara.ar\/index.php\/producto\/soporte-para-monitor-13-32-con-brazo-neumatico-para-escritorio\/#primaryimage"},"image":{"@id":"https:\/\/calzavara.ar\/index.php\/producto\/soporte-para-monitor-13-32-con-brazo-neumatico-para-escritorio\/#primaryimage"},"thumbnailUrl":"https:\/\/calzavara.ar\/wp-content\/uploads\/2025\/12\/90205-soporte-neumatico.webp","datePublished":"2025-12-09T11:28:11+00:00","dateModified":"2026-01-19T11:44:29+00:00","breadcrumb":{"@id":"https:\/\/calzavara.ar\/index.php\/producto\/soporte-para-monitor-13-32-con-brazo-neumatico-para-escritorio\/#breadcrumb"},"inLanguage":"es","potentialAction":[{"@type":"ReadAction","target":["https:\/\/calzavara.ar\/index.php\/producto\/soporte-para-monitor-13-32-con-brazo-neumatico-para-escritorio\/"]}]},{"@type":"ImageObject","inLanguage":"es","@id":"https:\/\/calzavara.ar\/index.php\/producto\/soporte-para-monitor-13-32-con-brazo-neumatico-para-escritorio\/#primaryimage","url":"https:\/\/calzavara.ar\/wp-content\/uploads\/2025\/12\/90205-soporte-neumatico.webp","contentUrl":"https:\/\/calzavara.ar\/wp-content\/uploads\/2025\/12\/90205-soporte-neumatico.webp","width":699,"height":969},{"@type":"BreadcrumbList","@id":"https:\/\/calzavara.ar\/index.php\/producto\/soporte-para-monitor-13-32-con-brazo-neumatico-para-escritorio\/#breadcrumb","itemListElement":[{"@type":"ListItem","position":1,"name":"Portada","item":"https:\/\/calzavara.ar\/"},{"@type":"ListItem","position":2,"name":"Tienda","item":"https:\/\/calzavara.ar\/index.php\/tienda\/"},{"@type":"ListItem","position":3,"name":"Soporte Para Monitor 13&#8243; &#8211; 27&#8243; Con Brazo Neumatico Escritorio"}]},{"@type":"WebSite","@id":"https:\/\/calzavara.ar\/#website","url":"https:\/\/calzavara.ar\/","name":"CALZAVARA","description":"Tienda Oficial CALZAVARA","publisher":{"@id":"https:\/\/calzavara.ar\/#organization"},"potentialAction":[{"@type":"SearchAction","target":{"@type":"EntryPoint","urlTemplate":"https:\/\/calzavara.ar\/?s={search_term_string}"},"query-input":{"@type":"PropertyValueSpecification","valueRequired":true,"valueName":"search_term_string"}}],"inLanguage":"es"},{"@type":"Organization","@id":"https:\/\/calzavara.ar\/#organization","name":"CALZAVARA","url":"https:\/\/calzavara.ar\/","logo":{"@type":"ImageObject","inLanguage":"es","@id":"https:\/\/calzavara.ar\/#\/schema\/logo\/image\/","url":"https:\/\/calzavara.ar\/wp-content\/uploads\/2025\/05\/CalzaLogoRedes.jpg","contentUrl":"https:\/\/calzavara.ar\/wp-content\/uploads\/2025\/05\/CalzaLogoRedes.jpg","width":640,"height":640,"caption":"CALZAVARA"},"image":{"@id":"https:\/\/calzavara.ar\/#\/schema\/logo\/image\/"},"sameAs":["https:\/\/www.facebook.com\/calzavarasrl","https:\/\/www.instagram.com\/calzavara_herrajes","https:\/\/www.linkedin.com\/company\/calzavara\/","https:\/\/www.youtube.com\/@calzavara3279"]}]}},"jetpack_sharing_enabled":true,"_links":{"self":[{"href":"https:\/\/calzavara.ar\/index.php\/wp-json\/wp\/v2\/product\/16518","targetHints":{"allow":["GET"]}}],"collection":[{"href":"https:\/\/calzavara.ar\/index.php\/wp-json\/wp\/v2\/product"}],"about":[{"href":"https:\/\/calzavara.ar\/index.php\/wp-json\/wp\/v2\/types\/product"}],"wp:featuredmedia":[{"embeddable":true,"href":"https:\/\/calzavara.ar\/index.php\/wp-json\/wp\/v2\/media\/16531"}],"wp:attachment":[{"href":"https:\/\/calzavara.ar\/index.php\/wp-json\/wp\/v2\/media?parent=16518"}],"wp:term":[{"taxonomy":"product_brand","embeddable":true,"href":"https:\/\/calzavara.ar\/index.php\/wp-json\/wp\/v2\/product_brand?post=16518"},{"taxonomy":"product_cat","embeddable":true,"href":"https:\/\/calzavara.ar\/index.php\/wp-json\/wp\/v2\/product_cat?post=16518"},{"taxonomy":"product_tag","embeddable":true,"href":"https:\/\/calzavara.ar\/index.php\/wp-json\/wp\/v2\/product_tag?post=16518"}],"curies":[{"name":"wp","href":"https:\/\/api.w.org\/{rel}","templated":true}]}}