{"id":15216,"date":"2025-09-01T11:38:39","date_gmt":"2025-09-01T14:38:39","guid":{"rendered":"https:\/\/calzavara.ar\/index.php\/producto\/elevador-de-puerta-regulable-para-alacenas-o-muebles-qbo\/"},"modified":"2026-01-19T08:43:37","modified_gmt":"2026-01-19T11:43:37","slug":"elevador-de-puerta-regulable-para-alacenas-o-muebles-qbo","status":"publish","type":"product","link":"https:\/\/calzavara.ar\/index.php\/producto\/elevador-de-puerta-regulable-para-alacenas-o-muebles-qbo\/","title":{"rendered":"Elevador De Puerta Regulable Para Alacenas O Muebles QBO"},"content":{"rendered":"<p>Elevador regulable para puerta de alacena o muebles de alta calidad. De muy f\u00e1cil colocaci\u00f3n y uso, este producto permite que la puerta del mueble no caiga por gravedad al abrirla. Su cierre suave protege al mueble de impactos no deseados. Al abrir, usted elige d\u00f3nde parar la apertura de la puerta. Con tapa pl\u00e1stica y muy elegante a la vista este dispositivo tiene una gran vida \u00fatil. Al comprar debe indicarnos de que lado pondr\u00e1 el dispositivo (del lado derecho o izquierda) ya que la tapas para ambos lados no son iguales!Para puertas de madera de hasta 0.7 m de ancho x 0.4 m de alto. Puede colocar 2 dispositivos y soportar puertas de hasta 1.2 m de ancho x 0.4 de alto. EL VIDEO ES SOLO ORIENTATIVO Y DE UNA MARCA SIMILAR PERO MUESTRA MUY BIEN C\u00d3MO FUNCIONA EL PRODUCTO FINAL.  <\/p>\n","protected":false},"excerpt":{"rendered":"<p>Elevador regulable para puerta de alacena o muebles de alta calidad. De muy f\u00e1cil colocaci\u00f3n y uso, este producto permite<\/p>\n","protected":false},"featured_media":15313,"template":"","meta":[],"product_brand":[],"product_cat":[15],"product_tag":[],"class_list":{"0":"post-15216","1":"product","2":"type-product","3":"status-publish","4":"has-post-thumbnail","6":"product_cat-sin-categorizar","8":"first","9":"instock","10":"sale","11":"taxable","12":"shipping-taxable","13":"purchasable","14":"product-type-simple"},"yoast_head":"<!-- This site is optimized with the Yoast SEO plugin v27.3 - https:\/\/yoast.com\/product\/yoast-seo-wordpress\/ -->\n<title>Elevador De Puerta Regulable Para Alacenas O Muebles QBO - CALZAVARA<\/title>\n<meta name=\"robots\" content=\"index, follow, max-snippet:-1, max-image-preview:large, max-video-preview:-1\" \/>\n<link rel=\"canonical\" href=\"https:\/\/calzavara.ar\/index.php\/producto\/elevador-de-puerta-regulable-para-alacenas-o-muebles-qbo\/\" \/>\n<meta property=\"og:locale\" content=\"es_ES\" \/>\n<meta property=\"og:type\" content=\"article\" \/>\n<meta property=\"og:title\" content=\"Elevador De Puerta Regulable Para Alacenas O Muebles QBO - CALZAVARA\" \/>\n<meta property=\"og:description\" content=\"Elevador regulable para puerta de alacena o muebles de alta calidad. De muy f\u00e1cil colocaci\u00f3n y uso, este producto permite\" \/>\n<meta property=\"og:url\" content=\"https:\/\/calzavara.ar\/index.php\/producto\/elevador-de-puerta-regulable-para-alacenas-o-muebles-qbo\/\" \/>\n<meta property=\"og:site_name\" content=\"CALZAVARA\" \/>\n<meta property=\"article:publisher\" content=\"https:\/\/www.facebook.com\/calzavarasrl\" \/>\n<meta property=\"article:modified_time\" content=\"2026-01-19T11:43:37+00:00\" \/>\n<meta name=\"twitter:card\" content=\"summary_large_image\" \/>\n<meta name=\"twitter:label1\" content=\"Tiempo de lectura\" \/>\n\t<meta name=\"twitter:data1\" content=\"1 minuto\" \/>\n<script type=\"application\/ld+json\" class=\"yoast-schema-graph\">{\"@context\":\"https:\\\/\\\/schema.org\",\"@graph\":[{\"@type\":\"WebPage\",\"@id\":\"https:\\\/\\\/calzavara.ar\\\/index.php\\\/producto\\\/elevador-de-puerta-regulable-para-alacenas-o-muebles-qbo\\\/\",\"url\":\"https:\\\/\\\/calzavara.ar\\\/index.php\\\/producto\\\/elevador-de-puerta-regulable-para-alacenas-o-muebles-qbo\\\/\",\"name\":\"Elevador De Puerta Regulable Para Alacenas O Muebles QBO - CALZAVARA\",\"isPartOf\":{\"@id\":\"https:\\\/\\\/calzavara.ar\\\/#website\"},\"primaryImageOfPage\":{\"@id\":\"https:\\\/\\\/calzavara.ar\\\/index.php\\\/producto\\\/elevador-de-puerta-regulable-para-alacenas-o-muebles-qbo\\\/#primaryimage\"},\"image\":{\"@id\":\"https:\\\/\\\/calzavara.ar\\\/index.php\\\/producto\\\/elevador-de-puerta-regulable-para-alacenas-o-muebles-qbo\\\/#primaryimage\"},\"thumbnailUrl\":\"https:\\\/\\\/calzavara.ar\\\/wp-content\\\/uploads\\\/2025\\\/09\\\/90081.jpg\",\"datePublished\":\"2025-09-01T14:38:39+00:00\",\"dateModified\":\"2026-01-19T11:43:37+00:00\",\"breadcrumb\":{\"@id\":\"https:\\\/\\\/calzavara.ar\\\/index.php\\\/producto\\\/elevador-de-puerta-regulable-para-alacenas-o-muebles-qbo\\\/#breadcrumb\"},\"inLanguage\":\"es\",\"potentialAction\":[{\"@type\":\"ReadAction\",\"target\":[\"https:\\\/\\\/calzavara.ar\\\/index.php\\\/producto\\\/elevador-de-puerta-regulable-para-alacenas-o-muebles-qbo\\\/\"]}]},{\"@type\":\"ImageObject\",\"inLanguage\":\"es\",\"@id\":\"https:\\\/\\\/calzavara.ar\\\/index.php\\\/producto\\\/elevador-de-puerta-regulable-para-alacenas-o-muebles-qbo\\\/#primaryimage\",\"url\":\"https:\\\/\\\/calzavara.ar\\\/wp-content\\\/uploads\\\/2025\\\/09\\\/90081.jpg\",\"contentUrl\":\"https:\\\/\\\/calzavara.ar\\\/wp-content\\\/uploads\\\/2025\\\/09\\\/90081.jpg\",\"width\":1000,\"height\":750},{\"@type\":\"BreadcrumbList\",\"@id\":\"https:\\\/\\\/calzavara.ar\\\/index.php\\\/producto\\\/elevador-de-puerta-regulable-para-alacenas-o-muebles-qbo\\\/#breadcrumb\",\"itemListElement\":[{\"@type\":\"ListItem\",\"position\":1,\"name\":\"Portada\",\"item\":\"https:\\\/\\\/calzavara.ar\\\/\"},{\"@type\":\"ListItem\",\"position\":2,\"name\":\"Tienda\",\"item\":\"https:\\\/\\\/calzavara.ar\\\/index.php\\\/tienda\\\/\"},{\"@type\":\"ListItem\",\"position\":3,\"name\":\"Elevador De Puerta Regulable Para Alacenas O Muebles QBO\"}]},{\"@type\":\"WebSite\",\"@id\":\"https:\\\/\\\/calzavara.ar\\\/#website\",\"url\":\"https:\\\/\\\/calzavara.ar\\\/\",\"name\":\"CALZAVARA\",\"description\":\"Tienda Oficial CALZAVARA\",\"publisher\":{\"@id\":\"https:\\\/\\\/calzavara.ar\\\/#organization\"},\"potentialAction\":[{\"@type\":\"SearchAction\",\"target\":{\"@type\":\"EntryPoint\",\"urlTemplate\":\"https:\\\/\\\/calzavara.ar\\\/?s={search_term_string}\"},\"query-input\":{\"@type\":\"PropertyValueSpecification\",\"valueRequired\":true,\"valueName\":\"search_term_string\"}}],\"inLanguage\":\"es\"},{\"@type\":\"Organization\",\"@id\":\"https:\\\/\\\/calzavara.ar\\\/#organization\",\"name\":\"CALZAVARA\",\"url\":\"https:\\\/\\\/calzavara.ar\\\/\",\"logo\":{\"@type\":\"ImageObject\",\"inLanguage\":\"es\",\"@id\":\"https:\\\/\\\/calzavara.ar\\\/#\\\/schema\\\/logo\\\/image\\\/\",\"url\":\"https:\\\/\\\/calzavara.ar\\\/wp-content\\\/uploads\\\/2025\\\/05\\\/CalzaLogoRedes.jpg\",\"contentUrl\":\"https:\\\/\\\/calzavara.ar\\\/wp-content\\\/uploads\\\/2025\\\/05\\\/CalzaLogoRedes.jpg\",\"width\":640,\"height\":640,\"caption\":\"CALZAVARA\"},\"image\":{\"@id\":\"https:\\\/\\\/calzavara.ar\\\/#\\\/schema\\\/logo\\\/image\\\/\"},\"sameAs\":[\"https:\\\/\\\/www.facebook.com\\\/calzavarasrl\",\"https:\\\/\\\/www.instagram.com\\\/calzavara_herrajes\",\"https:\\\/\\\/www.linkedin.com\\\/company\\\/calzavara\\\/\",\"https:\\\/\\\/www.youtube.com\\\/@calzavara3279\"]}]}<\/script>\n<!-- \/ Yoast SEO plugin. -->","yoast_head_json":{"title":"Elevador De Puerta Regulable Para Alacenas O Muebles QBO - CALZAVARA","robots":{"index":"index","follow":"follow","max-snippet":"max-snippet:-1","max-image-preview":"max-image-preview:large","max-video-preview":"max-video-preview:-1"},"canonical":"https:\/\/calzavara.ar\/index.php\/producto\/elevador-de-puerta-regulable-para-alacenas-o-muebles-qbo\/","og_locale":"es_ES","og_type":"article","og_title":"Elevador De Puerta Regulable Para Alacenas O Muebles QBO - CALZAVARA","og_description":"Elevador regulable para puerta de alacena o muebles de alta calidad. De muy f\u00e1cil colocaci\u00f3n y uso, este producto permite","og_url":"https:\/\/calzavara.ar\/index.php\/producto\/elevador-de-puerta-regulable-para-alacenas-o-muebles-qbo\/","og_site_name":"CALZAVARA","article_publisher":"https:\/\/www.facebook.com\/calzavarasrl","article_modified_time":"2026-01-19T11:43:37+00:00","twitter_card":"summary_large_image","twitter_misc":{"Tiempo de lectura":"1 minuto"},"schema":{"@context":"https:\/\/schema.org","@graph":[{"@type":"WebPage","@id":"https:\/\/calzavara.ar\/index.php\/producto\/elevador-de-puerta-regulable-para-alacenas-o-muebles-qbo\/","url":"https:\/\/calzavara.ar\/index.php\/producto\/elevador-de-puerta-regulable-para-alacenas-o-muebles-qbo\/","name":"Elevador De Puerta Regulable Para Alacenas O Muebles QBO - CALZAVARA","isPartOf":{"@id":"https:\/\/calzavara.ar\/#website"},"primaryImageOfPage":{"@id":"https:\/\/calzavara.ar\/index.php\/producto\/elevador-de-puerta-regulable-para-alacenas-o-muebles-qbo\/#primaryimage"},"image":{"@id":"https:\/\/calzavara.ar\/index.php\/producto\/elevador-de-puerta-regulable-para-alacenas-o-muebles-qbo\/#primaryimage"},"thumbnailUrl":"https:\/\/calzavara.ar\/wp-content\/uploads\/2025\/09\/90081.jpg","datePublished":"2025-09-01T14:38:39+00:00","dateModified":"2026-01-19T11:43:37+00:00","breadcrumb":{"@id":"https:\/\/calzavara.ar\/index.php\/producto\/elevador-de-puerta-regulable-para-alacenas-o-muebles-qbo\/#breadcrumb"},"inLanguage":"es","potentialAction":[{"@type":"ReadAction","target":["https:\/\/calzavara.ar\/index.php\/producto\/elevador-de-puerta-regulable-para-alacenas-o-muebles-qbo\/"]}]},{"@type":"ImageObject","inLanguage":"es","@id":"https:\/\/calzavara.ar\/index.php\/producto\/elevador-de-puerta-regulable-para-alacenas-o-muebles-qbo\/#primaryimage","url":"https:\/\/calzavara.ar\/wp-content\/uploads\/2025\/09\/90081.jpg","contentUrl":"https:\/\/calzavara.ar\/wp-content\/uploads\/2025\/09\/90081.jpg","width":1000,"height":750},{"@type":"BreadcrumbList","@id":"https:\/\/calzavara.ar\/index.php\/producto\/elevador-de-puerta-regulable-para-alacenas-o-muebles-qbo\/#breadcrumb","itemListElement":[{"@type":"ListItem","position":1,"name":"Portada","item":"https:\/\/calzavara.ar\/"},{"@type":"ListItem","position":2,"name":"Tienda","item":"https:\/\/calzavara.ar\/index.php\/tienda\/"},{"@type":"ListItem","position":3,"name":"Elevador De Puerta Regulable Para Alacenas O Muebles QBO"}]},{"@type":"WebSite","@id":"https:\/\/calzavara.ar\/#website","url":"https:\/\/calzavara.ar\/","name":"CALZAVARA","description":"Tienda Oficial CALZAVARA","publisher":{"@id":"https:\/\/calzavara.ar\/#organization"},"potentialAction":[{"@type":"SearchAction","target":{"@type":"EntryPoint","urlTemplate":"https:\/\/calzavara.ar\/?s={search_term_string}"},"query-input":{"@type":"PropertyValueSpecification","valueRequired":true,"valueName":"search_term_string"}}],"inLanguage":"es"},{"@type":"Organization","@id":"https:\/\/calzavara.ar\/#organization","name":"CALZAVARA","url":"https:\/\/calzavara.ar\/","logo":{"@type":"ImageObject","inLanguage":"es","@id":"https:\/\/calzavara.ar\/#\/schema\/logo\/image\/","url":"https:\/\/calzavara.ar\/wp-content\/uploads\/2025\/05\/CalzaLogoRedes.jpg","contentUrl":"https:\/\/calzavara.ar\/wp-content\/uploads\/2025\/05\/CalzaLogoRedes.jpg","width":640,"height":640,"caption":"CALZAVARA"},"image":{"@id":"https:\/\/calzavara.ar\/#\/schema\/logo\/image\/"},"sameAs":["https:\/\/www.facebook.com\/calzavarasrl","https:\/\/www.instagram.com\/calzavara_herrajes","https:\/\/www.linkedin.com\/company\/calzavara\/","https:\/\/www.youtube.com\/@calzavara3279"]}]}},"jetpack_sharing_enabled":true,"_links":{"self":[{"href":"https:\/\/calzavara.ar\/index.php\/wp-json\/wp\/v2\/product\/15216","targetHints":{"allow":["GET"]}}],"collection":[{"href":"https:\/\/calzavara.ar\/index.php\/wp-json\/wp\/v2\/product"}],"about":[{"href":"https:\/\/calzavara.ar\/index.php\/wp-json\/wp\/v2\/types\/product"}],"wp:featuredmedia":[{"embeddable":true,"href":"https:\/\/calzavara.ar\/index.php\/wp-json\/wp\/v2\/media\/15313"}],"wp:attachment":[{"href":"https:\/\/calzavara.ar\/index.php\/wp-json\/wp\/v2\/media?parent=15216"}],"wp:term":[{"taxonomy":"product_brand","embeddable":true,"href":"https:\/\/calzavara.ar\/index.php\/wp-json\/wp\/v2\/product_brand?post=15216"},{"taxonomy":"product_cat","embeddable":true,"href":"https:\/\/calzavara.ar\/index.php\/wp-json\/wp\/v2\/product_cat?post=15216"},{"taxonomy":"product_tag","embeddable":true,"href":"https:\/\/calzavara.ar\/index.php\/wp-json\/wp\/v2\/product_tag?post=15216"}],"curies":[{"name":"wp","href":"https:\/\/api.w.org\/{rel}","templated":true}]}}