{"id":15126,"date":"2025-08-30T12:06:51","date_gmt":"2025-08-30T15:06:51","guid":{"rendered":"https:\/\/calzavara.ar\/index.php\/producto\/meche-acero-rapido-con-bano-de-titanio-de-0-75mm-x10u\/"},"modified":"2026-01-19T08:43:29","modified_gmt":"2026-01-19T11:43:29","slug":"meche-acero-rapido-con-bano-de-titanio-de-0-75mm-x10u","status":"publish","type":"product","link":"https:\/\/calzavara.ar\/index.php\/producto\/meche-acero-rapido-con-bano-de-titanio-de-0-75mm-x10u\/","title":{"rendered":"Meche Acero R\u00e1pido Con Ba\u00f1o De Titanio De 0.75mm X10u"},"content":{"rendered":"<p>Broca rectificada de acero r\u00e1pido HSS de alta calidad.<br \/>\nEl revestimiento de Nitruro de Titanio otorga una alta resistencia al desgaste por abrasi\u00f3n y a la temperatura, maximizando la vida \u00fatil de la herramienta y permitiendo mayores condiciones de corte.<br \/>\nSu afilado en cruz de 118 grados, permite un centrado perfecto y un esfuerzo de penetraci\u00f3n reducido, evitando as\u00ed el uso de punto previo al perforado.<br \/>\nEs posible utilizarla en una variedad de materiales como ser aceros, madera, fundiciones de hierro y aluminios entre otros.<\/p>\n","protected":false},"excerpt":{"rendered":"<p>Broca rectificada de acero r\u00e1pido HSS de alta calidad. El revestimiento de Nitruro de Titanio otorga una alta resistencia al<\/p>\n","protected":false},"featured_media":15125,"template":"","meta":[],"product_brand":[],"product_cat":[15],"product_tag":[],"class_list":{"0":"post-15126","1":"product","2":"type-product","3":"status-publish","4":"has-post-thumbnail","6":"product_cat-sin-categorizar","8":"first","9":"instock","10":"taxable","11":"shipping-taxable","12":"purchasable","13":"product-type-simple"},"yoast_head":"<!-- This site is optimized with the Yoast SEO plugin v27.3 - https:\/\/yoast.com\/product\/yoast-seo-wordpress\/ -->\n<title>Meche Acero R\u00e1pido Con Ba\u00f1o De Titanio De 0.75mm X10u - CALZAVARA<\/title>\n<meta name=\"robots\" content=\"index, follow, max-snippet:-1, max-image-preview:large, max-video-preview:-1\" \/>\n<link rel=\"canonical\" href=\"https:\/\/calzavara.ar\/index.php\/producto\/meche-acero-rapido-con-bano-de-titanio-de-0-75mm-x10u\/\" \/>\n<meta property=\"og:locale\" content=\"es_ES\" \/>\n<meta property=\"og:type\" content=\"article\" \/>\n<meta property=\"og:title\" content=\"Meche Acero R\u00e1pido Con Ba\u00f1o De Titanio De 0.75mm X10u - CALZAVARA\" \/>\n<meta property=\"og:description\" content=\"Broca rectificada de acero r\u00e1pido HSS de alta calidad. El revestimiento de Nitruro de Titanio otorga una alta resistencia al\" \/>\n<meta property=\"og:url\" content=\"https:\/\/calzavara.ar\/index.php\/producto\/meche-acero-rapido-con-bano-de-titanio-de-0-75mm-x10u\/\" \/>\n<meta property=\"og:site_name\" content=\"CALZAVARA\" \/>\n<meta property=\"article:publisher\" content=\"https:\/\/www.facebook.com\/calzavarasrl\" \/>\n<meta property=\"article:modified_time\" content=\"2026-01-19T11:43:29+00:00\" \/>\n<meta name=\"twitter:card\" content=\"summary_large_image\" \/>\n<script type=\"application\/ld+json\" class=\"yoast-schema-graph\">{\"@context\":\"https:\\\/\\\/schema.org\",\"@graph\":[{\"@type\":\"WebPage\",\"@id\":\"https:\\\/\\\/calzavara.ar\\\/index.php\\\/producto\\\/meche-acero-rapido-con-bano-de-titanio-de-0-75mm-x10u\\\/\",\"url\":\"https:\\\/\\\/calzavara.ar\\\/index.php\\\/producto\\\/meche-acero-rapido-con-bano-de-titanio-de-0-75mm-x10u\\\/\",\"name\":\"Meche Acero R\u00e1pido Con Ba\u00f1o De Titanio De 0.75mm X10u - CALZAVARA\",\"isPartOf\":{\"@id\":\"https:\\\/\\\/calzavara.ar\\\/#website\"},\"primaryImageOfPage\":{\"@id\":\"https:\\\/\\\/calzavara.ar\\\/index.php\\\/producto\\\/meche-acero-rapido-con-bano-de-titanio-de-0-75mm-x10u\\\/#primaryimage\"},\"image\":{\"@id\":\"https:\\\/\\\/calzavara.ar\\\/index.php\\\/producto\\\/meche-acero-rapido-con-bano-de-titanio-de-0-75mm-x10u\\\/#primaryimage\"},\"thumbnailUrl\":\"https:\\\/\\\/calzavara.ar\\\/wp-content\\\/uploads\\\/2025\\\/08\\\/90999.jpg\",\"datePublished\":\"2025-08-30T15:06:51+00:00\",\"dateModified\":\"2026-01-19T11:43:29+00:00\",\"breadcrumb\":{\"@id\":\"https:\\\/\\\/calzavara.ar\\\/index.php\\\/producto\\\/meche-acero-rapido-con-bano-de-titanio-de-0-75mm-x10u\\\/#breadcrumb\"},\"inLanguage\":\"es\",\"potentialAction\":[{\"@type\":\"ReadAction\",\"target\":[\"https:\\\/\\\/calzavara.ar\\\/index.php\\\/producto\\\/meche-acero-rapido-con-bano-de-titanio-de-0-75mm-x10u\\\/\"]}]},{\"@type\":\"ImageObject\",\"inLanguage\":\"es\",\"@id\":\"https:\\\/\\\/calzavara.ar\\\/index.php\\\/producto\\\/meche-acero-rapido-con-bano-de-titanio-de-0-75mm-x10u\\\/#primaryimage\",\"url\":\"https:\\\/\\\/calzavara.ar\\\/wp-content\\\/uploads\\\/2025\\\/08\\\/90999.jpg\",\"contentUrl\":\"https:\\\/\\\/calzavara.ar\\\/wp-content\\\/uploads\\\/2025\\\/08\\\/90999.jpg\",\"width\":800,\"height\":1042},{\"@type\":\"BreadcrumbList\",\"@id\":\"https:\\\/\\\/calzavara.ar\\\/index.php\\\/producto\\\/meche-acero-rapido-con-bano-de-titanio-de-0-75mm-x10u\\\/#breadcrumb\",\"itemListElement\":[{\"@type\":\"ListItem\",\"position\":1,\"name\":\"Portada\",\"item\":\"https:\\\/\\\/calzavara.ar\\\/\"},{\"@type\":\"ListItem\",\"position\":2,\"name\":\"Tienda\",\"item\":\"https:\\\/\\\/calzavara.ar\\\/index.php\\\/tienda\\\/\"},{\"@type\":\"ListItem\",\"position\":3,\"name\":\"Meche Acero R\u00e1pido Con Ba\u00f1o De Titanio De 0.75mm X10u\"}]},{\"@type\":\"WebSite\",\"@id\":\"https:\\\/\\\/calzavara.ar\\\/#website\",\"url\":\"https:\\\/\\\/calzavara.ar\\\/\",\"name\":\"CALZAVARA\",\"description\":\"Tienda Oficial CALZAVARA\",\"publisher\":{\"@id\":\"https:\\\/\\\/calzavara.ar\\\/#organization\"},\"potentialAction\":[{\"@type\":\"SearchAction\",\"target\":{\"@type\":\"EntryPoint\",\"urlTemplate\":\"https:\\\/\\\/calzavara.ar\\\/?s={search_term_string}\"},\"query-input\":{\"@type\":\"PropertyValueSpecification\",\"valueRequired\":true,\"valueName\":\"search_term_string\"}}],\"inLanguage\":\"es\"},{\"@type\":\"Organization\",\"@id\":\"https:\\\/\\\/calzavara.ar\\\/#organization\",\"name\":\"CALZAVARA\",\"url\":\"https:\\\/\\\/calzavara.ar\\\/\",\"logo\":{\"@type\":\"ImageObject\",\"inLanguage\":\"es\",\"@id\":\"https:\\\/\\\/calzavara.ar\\\/#\\\/schema\\\/logo\\\/image\\\/\",\"url\":\"https:\\\/\\\/calzavara.ar\\\/wp-content\\\/uploads\\\/2025\\\/05\\\/CalzaLogoRedes.jpg\",\"contentUrl\":\"https:\\\/\\\/calzavara.ar\\\/wp-content\\\/uploads\\\/2025\\\/05\\\/CalzaLogoRedes.jpg\",\"width\":640,\"height\":640,\"caption\":\"CALZAVARA\"},\"image\":{\"@id\":\"https:\\\/\\\/calzavara.ar\\\/#\\\/schema\\\/logo\\\/image\\\/\"},\"sameAs\":[\"https:\\\/\\\/www.facebook.com\\\/calzavarasrl\",\"https:\\\/\\\/www.instagram.com\\\/calzavara_herrajes\",\"https:\\\/\\\/www.linkedin.com\\\/company\\\/calzavara\\\/\",\"https:\\\/\\\/www.youtube.com\\\/@calzavara3279\"]}]}<\/script>\n<!-- \/ Yoast SEO plugin. -->","yoast_head_json":{"title":"Meche Acero R\u00e1pido Con Ba\u00f1o De Titanio De 0.75mm X10u - CALZAVARA","robots":{"index":"index","follow":"follow","max-snippet":"max-snippet:-1","max-image-preview":"max-image-preview:large","max-video-preview":"max-video-preview:-1"},"canonical":"https:\/\/calzavara.ar\/index.php\/producto\/meche-acero-rapido-con-bano-de-titanio-de-0-75mm-x10u\/","og_locale":"es_ES","og_type":"article","og_title":"Meche Acero R\u00e1pido Con Ba\u00f1o De Titanio De 0.75mm X10u - CALZAVARA","og_description":"Broca rectificada de acero r\u00e1pido HSS de alta calidad. El revestimiento de Nitruro de Titanio otorga una alta resistencia al","og_url":"https:\/\/calzavara.ar\/index.php\/producto\/meche-acero-rapido-con-bano-de-titanio-de-0-75mm-x10u\/","og_site_name":"CALZAVARA","article_publisher":"https:\/\/www.facebook.com\/calzavarasrl","article_modified_time":"2026-01-19T11:43:29+00:00","twitter_card":"summary_large_image","schema":{"@context":"https:\/\/schema.org","@graph":[{"@type":"WebPage","@id":"https:\/\/calzavara.ar\/index.php\/producto\/meche-acero-rapido-con-bano-de-titanio-de-0-75mm-x10u\/","url":"https:\/\/calzavara.ar\/index.php\/producto\/meche-acero-rapido-con-bano-de-titanio-de-0-75mm-x10u\/","name":"Meche Acero R\u00e1pido Con Ba\u00f1o De Titanio De 0.75mm X10u - CALZAVARA","isPartOf":{"@id":"https:\/\/calzavara.ar\/#website"},"primaryImageOfPage":{"@id":"https:\/\/calzavara.ar\/index.php\/producto\/meche-acero-rapido-con-bano-de-titanio-de-0-75mm-x10u\/#primaryimage"},"image":{"@id":"https:\/\/calzavara.ar\/index.php\/producto\/meche-acero-rapido-con-bano-de-titanio-de-0-75mm-x10u\/#primaryimage"},"thumbnailUrl":"https:\/\/calzavara.ar\/wp-content\/uploads\/2025\/08\/90999.jpg","datePublished":"2025-08-30T15:06:51+00:00","dateModified":"2026-01-19T11:43:29+00:00","breadcrumb":{"@id":"https:\/\/calzavara.ar\/index.php\/producto\/meche-acero-rapido-con-bano-de-titanio-de-0-75mm-x10u\/#breadcrumb"},"inLanguage":"es","potentialAction":[{"@type":"ReadAction","target":["https:\/\/calzavara.ar\/index.php\/producto\/meche-acero-rapido-con-bano-de-titanio-de-0-75mm-x10u\/"]}]},{"@type":"ImageObject","inLanguage":"es","@id":"https:\/\/calzavara.ar\/index.php\/producto\/meche-acero-rapido-con-bano-de-titanio-de-0-75mm-x10u\/#primaryimage","url":"https:\/\/calzavara.ar\/wp-content\/uploads\/2025\/08\/90999.jpg","contentUrl":"https:\/\/calzavara.ar\/wp-content\/uploads\/2025\/08\/90999.jpg","width":800,"height":1042},{"@type":"BreadcrumbList","@id":"https:\/\/calzavara.ar\/index.php\/producto\/meche-acero-rapido-con-bano-de-titanio-de-0-75mm-x10u\/#breadcrumb","itemListElement":[{"@type":"ListItem","position":1,"name":"Portada","item":"https:\/\/calzavara.ar\/"},{"@type":"ListItem","position":2,"name":"Tienda","item":"https:\/\/calzavara.ar\/index.php\/tienda\/"},{"@type":"ListItem","position":3,"name":"Meche Acero R\u00e1pido Con Ba\u00f1o De Titanio De 0.75mm X10u"}]},{"@type":"WebSite","@id":"https:\/\/calzavara.ar\/#website","url":"https:\/\/calzavara.ar\/","name":"CALZAVARA","description":"Tienda Oficial CALZAVARA","publisher":{"@id":"https:\/\/calzavara.ar\/#organization"},"potentialAction":[{"@type":"SearchAction","target":{"@type":"EntryPoint","urlTemplate":"https:\/\/calzavara.ar\/?s={search_term_string}"},"query-input":{"@type":"PropertyValueSpecification","valueRequired":true,"valueName":"search_term_string"}}],"inLanguage":"es"},{"@type":"Organization","@id":"https:\/\/calzavara.ar\/#organization","name":"CALZAVARA","url":"https:\/\/calzavara.ar\/","logo":{"@type":"ImageObject","inLanguage":"es","@id":"https:\/\/calzavara.ar\/#\/schema\/logo\/image\/","url":"https:\/\/calzavara.ar\/wp-content\/uploads\/2025\/05\/CalzaLogoRedes.jpg","contentUrl":"https:\/\/calzavara.ar\/wp-content\/uploads\/2025\/05\/CalzaLogoRedes.jpg","width":640,"height":640,"caption":"CALZAVARA"},"image":{"@id":"https:\/\/calzavara.ar\/#\/schema\/logo\/image\/"},"sameAs":["https:\/\/www.facebook.com\/calzavarasrl","https:\/\/www.instagram.com\/calzavara_herrajes","https:\/\/www.linkedin.com\/company\/calzavara\/","https:\/\/www.youtube.com\/@calzavara3279"]}]}},"jetpack_sharing_enabled":true,"_links":{"self":[{"href":"https:\/\/calzavara.ar\/index.php\/wp-json\/wp\/v2\/product\/15126","targetHints":{"allow":["GET"]}}],"collection":[{"href":"https:\/\/calzavara.ar\/index.php\/wp-json\/wp\/v2\/product"}],"about":[{"href":"https:\/\/calzavara.ar\/index.php\/wp-json\/wp\/v2\/types\/product"}],"wp:featuredmedia":[{"embeddable":true,"href":"https:\/\/calzavara.ar\/index.php\/wp-json\/wp\/v2\/media\/15125"}],"wp:attachment":[{"href":"https:\/\/calzavara.ar\/index.php\/wp-json\/wp\/v2\/media?parent=15126"}],"wp:term":[{"taxonomy":"product_brand","embeddable":true,"href":"https:\/\/calzavara.ar\/index.php\/wp-json\/wp\/v2\/product_brand?post=15126"},{"taxonomy":"product_cat","embeddable":true,"href":"https:\/\/calzavara.ar\/index.php\/wp-json\/wp\/v2\/product_cat?post=15126"},{"taxonomy":"product_tag","embeddable":true,"href":"https:\/\/calzavara.ar\/index.php\/wp-json\/wp\/v2\/product_tag?post=15126"}],"curies":[{"name":"wp","href":"https:\/\/api.w.org\/{rel}","templated":true}]}}