{"id":11457,"date":"2023-04-21T18:56:50","date_gmt":"2023-04-21T21:56:50","guid":{"rendered":"https:\/\/calzavara.ar\/?post_type=product&#038;p=11457"},"modified":"2026-01-19T08:42:44","modified_gmt":"2026-01-19T11:42:44","slug":"kit-ducasse-dn-80-oculto-para-puerta-corrediza","status":"publish","type":"product","link":"https:\/\/calzavara.ar\/index.php\/producto\/kit-ducasse-dn-80-oculto-para-puerta-corrediza\/","title":{"rendered":"kit Ducasse DN-80 Oculto Para Puerta Corrediza"},"content":{"rendered":"<p>Sistema corredizo colgante para puertas de madera de hasta 80 kg, dise\u00f1ado para divisiones de ambiente, accesos o puertas de paso. Rodamiento de gama Premium. Freno incorporado evita el rebote de las puertas y entrega un cierre \u00f3ptimo. Deslizamiento suave con un m\u00ednimo esfuerzo, tanto para la apertura como el cierre de la hoja. Desplazamiento silencioso.<\/p>\n<p><strong>Cualidades:<\/strong><\/p>\n<ul>\n<li>Montaje lateral en la puerta facilita la regulaci\u00f3n del sistema.<\/li>\n<li>Desplazamiento suave y silencioso.<\/li>\n<li>Ofrece una mejora est\u00e9tica en la terminaci\u00f3n, disminuyendo la luz a un m\u00ednimo de 3mm.<\/li>\n<li>Corredera para puertas de madera con herraje oculto y regulaci\u00f3n lateral.<\/li>\n<\/ul>\n<p><strong>Incluye:<\/strong><\/p>\n<ul>\n<li>2 Carros DN-80 Oculto LT<\/li>\n<li>2 pernos<\/li>\n<li>2 frenos<\/li>\n<li>2 conjuntos de pletinas de sujecion<\/li>\n<li>1 guia GP-12<\/li>\n<li>2 cu\u00f1as de terminacion<\/li>\n<li>Tornilleria<\/li>\n<\/ul>\n<p>Este kit se utiliza con guias U21 (no estan incluidas)<\/p>\n<p>*Las guias se venden por separadao*<\/p>\n<p>&nbsp;<\/p>\n<p>&nbsp;<\/p>\n","protected":false},"excerpt":{"rendered":"<p>Sistema para puerta corrediza hasta 80kg. Linea Premiun<\/p>\n","protected":false},"featured_media":11460,"template":"","meta":[],"product_brand":[],"product_cat":[72,106,97],"product_tag":[831,833,818,832],"class_list":{"0":"post-11457","1":"product","2":"type-product","3":"status-publish","4":"has-post-thumbnail","6":"product_cat-herrajes","7":"product_cat-movcorredizos","8":"product_cat-muebles","9":"product_tag-80kg","10":"product_tag-colgante","11":"product_tag-kit-corredizo","12":"product_tag-puerta-granero","13":"product_shipping_class-sobredimensionado","15":"first","16":"outofstock","17":"taxable","18":"shipping-taxable","19":"purchasable","20":"product-type-simple"},"yoast_head":"<!-- This site is optimized with the Yoast SEO plugin v27.2 - https:\/\/yoast.com\/product\/yoast-seo-wordpress\/ -->\n<title>kit Ducasse DN-80 Oculto Para Puerta Corrediza - CALZAVARA<\/title>\n<meta name=\"robots\" content=\"index, follow, max-snippet:-1, max-image-preview:large, max-video-preview:-1\" \/>\n<link rel=\"canonical\" href=\"https:\/\/calzavara.ar\/index.php\/producto\/kit-ducasse-dn-80-oculto-para-puerta-corrediza\/\" \/>\n<meta property=\"og:locale\" content=\"es_ES\" \/>\n<meta property=\"og:type\" content=\"article\" \/>\n<meta property=\"og:title\" content=\"kit Ducasse DN-80 Oculto Para Puerta Corrediza - CALZAVARA\" \/>\n<meta property=\"og:description\" content=\"Sistema para puerta corrediza hasta 80kg. Linea Premiun\" \/>\n<meta property=\"og:url\" content=\"https:\/\/calzavara.ar\/index.php\/producto\/kit-ducasse-dn-80-oculto-para-puerta-corrediza\/\" \/>\n<meta property=\"og:site_name\" content=\"CALZAVARA\" \/>\n<meta property=\"article:publisher\" content=\"https:\/\/www.facebook.com\/calzavarasrl\" \/>\n<meta property=\"article:modified_time\" content=\"2026-01-19T11:42:44+00:00\" \/>\n<meta property=\"og:image\" content=\"https:\/\/calzavara.ar\/wp-content\/uploads\/2023\/04\/36029_DN80_oculto.webp\" \/>\n\t<meta property=\"og:image:width\" content=\"1200\" \/>\n\t<meta property=\"og:image:height\" content=\"1184\" \/>\n\t<meta property=\"og:image:type\" content=\"image\/webp\" \/>\n<meta name=\"twitter:card\" content=\"summary_large_image\" \/>\n<meta name=\"twitter:label1\" content=\"Tiempo de lectura\" \/>\n\t<meta name=\"twitter:data1\" content=\"1 minuto\" \/>\n<script type=\"application\/ld+json\" class=\"yoast-schema-graph\">{\"@context\":\"https:\/\/schema.org\",\"@graph\":[{\"@type\":\"WebPage\",\"@id\":\"https:\/\/calzavara.ar\/index.php\/producto\/kit-ducasse-dn-80-oculto-para-puerta-corrediza\/\",\"url\":\"https:\/\/calzavara.ar\/index.php\/producto\/kit-ducasse-dn-80-oculto-para-puerta-corrediza\/\",\"name\":\"kit Ducasse DN-80 Oculto Para Puerta Corrediza - CALZAVARA\",\"isPartOf\":{\"@id\":\"https:\/\/calzavara.ar\/#website\"},\"primaryImageOfPage\":{\"@id\":\"https:\/\/calzavara.ar\/index.php\/producto\/kit-ducasse-dn-80-oculto-para-puerta-corrediza\/#primaryimage\"},\"image\":{\"@id\":\"https:\/\/calzavara.ar\/index.php\/producto\/kit-ducasse-dn-80-oculto-para-puerta-corrediza\/#primaryimage\"},\"thumbnailUrl\":\"https:\/\/calzavara.ar\/wp-content\/uploads\/2023\/04\/36029_DN80_oculto.webp\",\"datePublished\":\"2023-04-21T21:56:50+00:00\",\"dateModified\":\"2026-01-19T11:42:44+00:00\",\"breadcrumb\":{\"@id\":\"https:\/\/calzavara.ar\/index.php\/producto\/kit-ducasse-dn-80-oculto-para-puerta-corrediza\/#breadcrumb\"},\"inLanguage\":\"es\",\"potentialAction\":[{\"@type\":\"ReadAction\",\"target\":[\"https:\/\/calzavara.ar\/index.php\/producto\/kit-ducasse-dn-80-oculto-para-puerta-corrediza\/\"]}]},{\"@type\":\"ImageObject\",\"inLanguage\":\"es\",\"@id\":\"https:\/\/calzavara.ar\/index.php\/producto\/kit-ducasse-dn-80-oculto-para-puerta-corrediza\/#primaryimage\",\"url\":\"https:\/\/calzavara.ar\/wp-content\/uploads\/2023\/04\/36029_DN80_oculto.webp\",\"contentUrl\":\"https:\/\/calzavara.ar\/wp-content\/uploads\/2023\/04\/36029_DN80_oculto.webp\",\"width\":1200,\"height\":1184},{\"@type\":\"BreadcrumbList\",\"@id\":\"https:\/\/calzavara.ar\/index.php\/producto\/kit-ducasse-dn-80-oculto-para-puerta-corrediza\/#breadcrumb\",\"itemListElement\":[{\"@type\":\"ListItem\",\"position\":1,\"name\":\"Portada\",\"item\":\"https:\/\/calzavara.ar\/\"},{\"@type\":\"ListItem\",\"position\":2,\"name\":\"Tienda\",\"item\":\"https:\/\/calzavara.ar\/index.php\/tienda\/\"},{\"@type\":\"ListItem\",\"position\":3,\"name\":\"kit Ducasse DN-80 Oculto Para Puerta Corrediza\"}]},{\"@type\":\"WebSite\",\"@id\":\"https:\/\/calzavara.ar\/#website\",\"url\":\"https:\/\/calzavara.ar\/\",\"name\":\"CALZAVARA\",\"description\":\"Tienda Oficial CALZAVARA\",\"publisher\":{\"@id\":\"https:\/\/calzavara.ar\/#organization\"},\"potentialAction\":[{\"@type\":\"SearchAction\",\"target\":{\"@type\":\"EntryPoint\",\"urlTemplate\":\"https:\/\/calzavara.ar\/?s={search_term_string}\"},\"query-input\":{\"@type\":\"PropertyValueSpecification\",\"valueRequired\":true,\"valueName\":\"search_term_string\"}}],\"inLanguage\":\"es\"},{\"@type\":\"Organization\",\"@id\":\"https:\/\/calzavara.ar\/#organization\",\"name\":\"CALZAVARA\",\"url\":\"https:\/\/calzavara.ar\/\",\"logo\":{\"@type\":\"ImageObject\",\"inLanguage\":\"es\",\"@id\":\"https:\/\/calzavara.ar\/#\/schema\/logo\/image\/\",\"url\":\"https:\/\/calzavara.ar\/wp-content\/uploads\/2025\/05\/CalzaLogoRedes.jpg\",\"contentUrl\":\"https:\/\/calzavara.ar\/wp-content\/uploads\/2025\/05\/CalzaLogoRedes.jpg\",\"width\":640,\"height\":640,\"caption\":\"CALZAVARA\"},\"image\":{\"@id\":\"https:\/\/calzavara.ar\/#\/schema\/logo\/image\/\"},\"sameAs\":[\"https:\/\/www.facebook.com\/calzavarasrl\",\"https:\/\/www.instagram.com\/calzavara_herrajes\",\"https:\/\/www.linkedin.com\/company\/calzavara\/\",\"https:\/\/www.youtube.com\/@calzavara3279\"]}]}<\/script>\n<!-- \/ Yoast SEO plugin. -->","yoast_head_json":{"title":"kit Ducasse DN-80 Oculto Para Puerta Corrediza - CALZAVARA","robots":{"index":"index","follow":"follow","max-snippet":"max-snippet:-1","max-image-preview":"max-image-preview:large","max-video-preview":"max-video-preview:-1"},"canonical":"https:\/\/calzavara.ar\/index.php\/producto\/kit-ducasse-dn-80-oculto-para-puerta-corrediza\/","og_locale":"es_ES","og_type":"article","og_title":"kit Ducasse DN-80 Oculto Para Puerta Corrediza - CALZAVARA","og_description":"Sistema para puerta corrediza hasta 80kg. Linea Premiun","og_url":"https:\/\/calzavara.ar\/index.php\/producto\/kit-ducasse-dn-80-oculto-para-puerta-corrediza\/","og_site_name":"CALZAVARA","article_publisher":"https:\/\/www.facebook.com\/calzavarasrl","article_modified_time":"2026-01-19T11:42:44+00:00","og_image":[{"width":1200,"height":1184,"url":"https:\/\/calzavara.ar\/wp-content\/uploads\/2023\/04\/36029_DN80_oculto.webp","type":"image\/webp"}],"twitter_card":"summary_large_image","twitter_misc":{"Tiempo de lectura":"1 minuto"},"schema":{"@context":"https:\/\/schema.org","@graph":[{"@type":"WebPage","@id":"https:\/\/calzavara.ar\/index.php\/producto\/kit-ducasse-dn-80-oculto-para-puerta-corrediza\/","url":"https:\/\/calzavara.ar\/index.php\/producto\/kit-ducasse-dn-80-oculto-para-puerta-corrediza\/","name":"kit Ducasse DN-80 Oculto Para Puerta Corrediza - CALZAVARA","isPartOf":{"@id":"https:\/\/calzavara.ar\/#website"},"primaryImageOfPage":{"@id":"https:\/\/calzavara.ar\/index.php\/producto\/kit-ducasse-dn-80-oculto-para-puerta-corrediza\/#primaryimage"},"image":{"@id":"https:\/\/calzavara.ar\/index.php\/producto\/kit-ducasse-dn-80-oculto-para-puerta-corrediza\/#primaryimage"},"thumbnailUrl":"https:\/\/calzavara.ar\/wp-content\/uploads\/2023\/04\/36029_DN80_oculto.webp","datePublished":"2023-04-21T21:56:50+00:00","dateModified":"2026-01-19T11:42:44+00:00","breadcrumb":{"@id":"https:\/\/calzavara.ar\/index.php\/producto\/kit-ducasse-dn-80-oculto-para-puerta-corrediza\/#breadcrumb"},"inLanguage":"es","potentialAction":[{"@type":"ReadAction","target":["https:\/\/calzavara.ar\/index.php\/producto\/kit-ducasse-dn-80-oculto-para-puerta-corrediza\/"]}]},{"@type":"ImageObject","inLanguage":"es","@id":"https:\/\/calzavara.ar\/index.php\/producto\/kit-ducasse-dn-80-oculto-para-puerta-corrediza\/#primaryimage","url":"https:\/\/calzavara.ar\/wp-content\/uploads\/2023\/04\/36029_DN80_oculto.webp","contentUrl":"https:\/\/calzavara.ar\/wp-content\/uploads\/2023\/04\/36029_DN80_oculto.webp","width":1200,"height":1184},{"@type":"BreadcrumbList","@id":"https:\/\/calzavara.ar\/index.php\/producto\/kit-ducasse-dn-80-oculto-para-puerta-corrediza\/#breadcrumb","itemListElement":[{"@type":"ListItem","position":1,"name":"Portada","item":"https:\/\/calzavara.ar\/"},{"@type":"ListItem","position":2,"name":"Tienda","item":"https:\/\/calzavara.ar\/index.php\/tienda\/"},{"@type":"ListItem","position":3,"name":"kit Ducasse DN-80 Oculto Para Puerta Corrediza"}]},{"@type":"WebSite","@id":"https:\/\/calzavara.ar\/#website","url":"https:\/\/calzavara.ar\/","name":"CALZAVARA","description":"Tienda Oficial CALZAVARA","publisher":{"@id":"https:\/\/calzavara.ar\/#organization"},"potentialAction":[{"@type":"SearchAction","target":{"@type":"EntryPoint","urlTemplate":"https:\/\/calzavara.ar\/?s={search_term_string}"},"query-input":{"@type":"PropertyValueSpecification","valueRequired":true,"valueName":"search_term_string"}}],"inLanguage":"es"},{"@type":"Organization","@id":"https:\/\/calzavara.ar\/#organization","name":"CALZAVARA","url":"https:\/\/calzavara.ar\/","logo":{"@type":"ImageObject","inLanguage":"es","@id":"https:\/\/calzavara.ar\/#\/schema\/logo\/image\/","url":"https:\/\/calzavara.ar\/wp-content\/uploads\/2025\/05\/CalzaLogoRedes.jpg","contentUrl":"https:\/\/calzavara.ar\/wp-content\/uploads\/2025\/05\/CalzaLogoRedes.jpg","width":640,"height":640,"caption":"CALZAVARA"},"image":{"@id":"https:\/\/calzavara.ar\/#\/schema\/logo\/image\/"},"sameAs":["https:\/\/www.facebook.com\/calzavarasrl","https:\/\/www.instagram.com\/calzavara_herrajes","https:\/\/www.linkedin.com\/company\/calzavara\/","https:\/\/www.youtube.com\/@calzavara3279"]}]}},"jetpack_sharing_enabled":true,"_links":{"self":[{"href":"https:\/\/calzavara.ar\/index.php\/wp-json\/wp\/v2\/product\/11457","targetHints":{"allow":["GET"]}}],"collection":[{"href":"https:\/\/calzavara.ar\/index.php\/wp-json\/wp\/v2\/product"}],"about":[{"href":"https:\/\/calzavara.ar\/index.php\/wp-json\/wp\/v2\/types\/product"}],"wp:featuredmedia":[{"embeddable":true,"href":"https:\/\/calzavara.ar\/index.php\/wp-json\/wp\/v2\/media\/11460"}],"wp:attachment":[{"href":"https:\/\/calzavara.ar\/index.php\/wp-json\/wp\/v2\/media?parent=11457"}],"wp:term":[{"taxonomy":"product_brand","embeddable":true,"href":"https:\/\/calzavara.ar\/index.php\/wp-json\/wp\/v2\/product_brand?post=11457"},{"taxonomy":"product_cat","embeddable":true,"href":"https:\/\/calzavara.ar\/index.php\/wp-json\/wp\/v2\/product_cat?post=11457"},{"taxonomy":"product_tag","embeddable":true,"href":"https:\/\/calzavara.ar\/index.php\/wp-json\/wp\/v2\/product_tag?post=11457"}],"curies":[{"name":"wp","href":"https:\/\/api.w.org\/{rel}","templated":true}]}}